{"id":1711,"date":"2022-10-09T19:32:12","date_gmt":"2022-10-09T17:32:12","guid":{"rendered":"http:\/\/pallotynisandomierz.pl\/?page_id=1711"},"modified":"2024-03-08T13:39:32","modified_gmt":"2024-03-08T12:39:32","slug":"intronizacja-najswietszego-serca-pana-jezusa","status":"publish","type":"page","link":"https:\/\/pallotynisandomierz.pl\/index.php\/intronizacja-najswietszego-serca-pana-jezusa\/","title":{"rendered":"INTRONIZACJA NSPJ"},"content":{"rendered":"\t\t<div data-elementor-type=\"wp-page\" data-elementor-id=\"1711\" class=\"elementor elementor-1711\">\n\t\t\t\t\t\t<section class=\"elementor-section elementor-top-section elementor-element elementor-element-9d722a1 elementor-section-boxed elementor-section-height-default elementor-section-height-default\" data-id=\"9d722a1\" data-element_type=\"section\">\n\t\t\t\t\t\t<div class=\"elementor-container elementor-column-gap-default\">\n\t\t\t\t\t<div class=\"elementor-column elementor-col-100 elementor-top-column elementor-element elementor-element-abdc20c\" data-id=\"abdc20c\" data-element_type=\"column\">\n\t\t\t<div class=\"elementor-widget-wrap elementor-element-populated\">\n\t\t\t\t\t\t<div class=\"elementor-element elementor-element-b71b764 elementor-widget elementor-widget-heading\" data-id=\"b71b764\" data-element_type=\"widget\" data-widget_type=\"heading.default\">\n\t\t\t\t<div class=\"elementor-widget-container\">\n\t\t\t<h2 class=\"elementor-heading-title elementor-size-default\">Intronizacja Naj\u015bwi\u0119tszego Serca Pana Jezusa<\/h2>\t\t<\/div>\n\t\t\t\t<\/div>\n\t\t\t\t\t<\/div>\n\t\t<\/div>\n\t\t\t\t\t<\/div>\n\t\t<\/section>\n\t\t\t\t<section class=\"elementor-section elementor-top-section elementor-element elementor-element-9e9520a elementor-section-boxed elementor-section-height-default elementor-section-height-default\" data-id=\"9e9520a\" data-element_type=\"section\">\n\t\t\t\t\t\t<div class=\"elementor-container elementor-column-gap-default\">\n\t\t\t\t\t<div class=\"elementor-column elementor-col-50 elementor-top-column elementor-element elementor-element-e696c29\" data-id=\"e696c29\" data-element_type=\"column\">\n\t\t\t<div class=\"elementor-widget-wrap elementor-element-populated\">\n\t\t\t\t\t\t<div class=\"elementor-element elementor-element-dd588be elementor-widget elementor-widget-image\" data-id=\"dd588be\" data-element_type=\"widget\" data-widget_type=\"image.default\">\n\t\t\t\t<div class=\"elementor-widget-container\">\n\t\t\t\t\t\t\t\t\t\t\t\t\t<img fetchpriority=\"high\" decoding=\"async\" width=\"208\" height=\"300\" src=\"https:\/\/pallotynisandomierz.pl\/wp-content\/uploads\/2024\/03\/Zrzut-ekranu-2022-09-27-o-21.50.08-711x1024-1-208x300.png\" class=\"attachment-medium size-medium wp-image-3028\" alt=\"\" srcset=\"https:\/\/pallotynisandomierz.pl\/wp-content\/uploads\/2024\/03\/Zrzut-ekranu-2022-09-27-o-21.50.08-711x1024-1-208x300.png 208w, https:\/\/pallotynisandomierz.pl\/wp-content\/uploads\/2024\/03\/Zrzut-ekranu-2022-09-27-o-21.50.08-711x1024-1-600x864.png 600w, https:\/\/pallotynisandomierz.pl\/wp-content\/uploads\/2024\/03\/Zrzut-ekranu-2022-09-27-o-21.50.08-711x1024-1.png 711w\" sizes=\"(max-width: 208px) 100vw, 208px\" \/>\t\t\t\t\t\t\t\t\t\t\t\t\t<\/div>\n\t\t\t\t<\/div>\n\t\t\t\t\t<\/div>\n\t\t<\/div>\n\t\t\t\t<div class=\"elementor-column elementor-col-50 elementor-top-column elementor-element elementor-element-e2e66f6\" data-id=\"e2e66f6\" data-element_type=\"column\">\n\t\t\t<div class=\"elementor-widget-wrap elementor-element-populated\">\n\t\t\t\t\t\t<div class=\"elementor-element elementor-element-6230676 elementor-widget elementor-widget-text-editor\" data-id=\"6230676\" data-element_type=\"widget\" data-widget_type=\"text-editor.default\">\n\t\t\t\t<div class=\"elementor-widget-container\">\n\t\t\t\t\t\t\t<p>Intronizacja jest to oficjalne i spo\u0142eczne uznanie najwy\u017cszej w\u0142adzy Serca Jezusowego nad rodzin\u0105 chrze\u015bcija\u0144sk\u0105. Czyli uznanie Pana Jezusa za naszego, naszej rodziny, jedynego Kr\u00f3la i jednocze\u015bnie oddanie si\u0119 Jemu Naj\u015bwi\u0119tszemu Sercu.<\/p>\t\t\t\t\t\t<\/div>\n\t\t\t\t<\/div>\n\t\t\t\t\t<\/div>\n\t\t<\/div>\n\t\t\t\t\t<\/div>\n\t\t<\/section>\n\t\t\t\t<section class=\"elementor-section elementor-top-section elementor-element elementor-element-3ac4cb8 elementor-section-boxed elementor-section-height-default elementor-section-height-default\" data-id=\"3ac4cb8\" data-element_type=\"section\">\n\t\t\t\t\t\t<div class=\"elementor-container elementor-column-gap-default\">\n\t\t\t\t\t<div class=\"elementor-column elementor-col-100 elementor-top-column elementor-element elementor-element-b75bf5e\" data-id=\"b75bf5e\" data-element_type=\"column\">\n\t\t\t<div class=\"elementor-widget-wrap elementor-element-populated\">\n\t\t\t\t\t\t<div class=\"elementor-element elementor-element-6f57437 elementor-widget elementor-widget-heading\" data-id=\"6f57437\" data-element_type=\"widget\" data-widget_type=\"heading.default\">\n\t\t\t\t<div class=\"elementor-widget-container\">\n\t\t\t<h5 class=\"elementor-heading-title elementor-size-default\">Msza \u015awi\u0119ta w ka\u017cdy pi\u0105tek o godzinie 15:00.\n\n<br>Po Mszy \u015aw. Adoracja Naj\u015bwi\u0119tszego Sakramentu do godziny 17:00<\/h5>\t\t<\/div>\n\t\t\t\t<\/div>\n\t\t\t\t\t<\/div>\n\t\t<\/div>\n\t\t\t\t\t<\/div>\n\t\t<\/section>\n\t\t\t\t<section class=\"elementor-section elementor-top-section elementor-element elementor-element-4f93eef elementor-section-boxed elementor-section-height-default elementor-section-height-default\" data-id=\"4f93eef\" data-element_type=\"section\">\n\t\t\t\t\t\t<div class=\"elementor-container elementor-column-gap-default\">\n\t\t\t\t\t<div class=\"elementor-column elementor-col-100 elementor-top-column elementor-element elementor-element-8bf9694\" data-id=\"8bf9694\" data-element_type=\"column\">\n\t\t\t<div class=\"elementor-widget-wrap elementor-element-populated\">\n\t\t\t\t\t\t<div class=\"elementor-element elementor-element-6d4302f elementor-widget elementor-widget-heading\" data-id=\"6d4302f\" data-element_type=\"widget\" data-widget_type=\"heading.default\">\n\t\t\t\t<div class=\"elementor-widget-container\">\n\t\t\t<h6 class=\"elementor-heading-title elementor-size-default\">Msza \u015awi\u0119ta wynagradzaj\u0105ca Naj\u015bwi\u0119tszemu Sercu Pana Jezusa w ka\u017cdy pierwszy pi\u0105tek miesi\u0105ca o godzinie 15:00.<\/h6>\t\t<\/div>\n\t\t\t\t<\/div>\n\t\t\t\t\t<\/div>\n\t\t<\/div>\n\t\t\t\t\t<\/div>\n\t\t<\/section>\n\t\t\t\t<section class=\"elementor-section elementor-top-section elementor-element elementor-element-29c09ff elementor-section-boxed elementor-section-height-default elementor-section-height-default\" data-id=\"29c09ff\" data-element_type=\"section\">\n\t\t\t\t\t\t<div class=\"elementor-container elementor-column-gap-default\">\n\t\t\t\t\t<div class=\"elementor-column elementor-col-100 elementor-top-column elementor-element elementor-element-c759970\" data-id=\"c759970\" data-element_type=\"column\">\n\t\t\t<div class=\"elementor-widget-wrap elementor-element-populated\">\n\t\t\t\t\t\t<div class=\"elementor-element elementor-element-e046208 elementor-widget-divider--view-line elementor-widget elementor-widget-divider\" data-id=\"e046208\" data-element_type=\"widget\" data-widget_type=\"divider.default\">\n\t\t\t\t<div class=\"elementor-widget-container\">\n\t\t\t\t\t<div class=\"elementor-divider\">\n\t\t\t<span class=\"elementor-divider-separator\">\n\t\t\t\t\t\t<\/span>\n\t\t<\/div>\n\t\t\t\t<\/div>\n\t\t\t\t<\/div>\n\t\t\t\t<div class=\"elementor-element elementor-element-ffe536a elementor-widget elementor-widget-text-editor\" data-id=\"ffe536a\" data-element_type=\"widget\" data-widget_type=\"text-editor.default\">\n\t\t\t\t<div class=\"elementor-widget-container\">\n\t\t\t\t\t\t\t<p>Pan Jezus prosi\u0142 Mari\u0119 Ma\u0142gorzat\u0119 a p\u00f3\u017aniej Rozali\u0119 Celak\u00f3wn\u0119, aby dokona\u0107 Intronizacji Naj\u015bwi\u0119tszego Serca. Wskazuj\u0105c na serce, Jezus wskazuje na mi\u0142o\u015b\u0107, dobro\u0107, pok\u00f3j, mi\u0142osierdzie, sprawiedliwo\u015b\u0107, wszystko dobro, kt\u00f3re wyp\u0142ywa z Tego Serca by kr\u00f3lowa\u0142o w\u015br\u00f3d nas. Tylko Serce oddaje sedno stara\u0144 o wprowadzenie Kr\u00f3lestwa Bo\u017cego w\u015br\u00f3d nas, przez mi\u0142o\u015b\u0107. Jezus prosi tak\u017ce o uznanie go Kr\u00f3lem i przestrzeganie praw Bo\u017cych, liczenie si\u0119 z Jego w\u0142adz\u0105, moc\u0105, sprawiedliwo\u015bci\u0105. Je\u017celi pragniesz \u017cy\u0107 z Jezusem i razem z Nim kr\u00f3lowa\u0107, musisz nauczy\u0107 si\u0119 \u017cy\u0107 zgodnie z Ewangeli\u0105. Jezus, B\u00f3g, sta\u0142 si\u0119 cz\u0142owiekiem, \u017ceby Ci pokaza\u0107, \u017ce wystarczy tylko Bogu Ojcu zaufa\u0107, przestrzega\u0107 dekalogu, wype\u0142nia\u0107 wol\u0119 Bo\u017c\u0105 i z mi\u0142o\u015bci\u0105 budowa\u0107 Kr\u00f3lestwo Bo\u017ce, a wszystko inne b\u0119dzie Ci dane.<\/p>\t\t\t\t\t\t<\/div>\n\t\t\t\t<\/div>\n\t\t\t\t\t<\/div>\n\t\t<\/div>\n\t\t\t\t\t<\/div>\n\t\t<\/section>\n\t\t\t\t<section class=\"elementor-section elementor-top-section elementor-element elementor-element-19211e5 elementor-section-boxed elementor-section-height-default elementor-section-height-default\" data-id=\"19211e5\" data-element_type=\"section\">\n\t\t\t\t\t\t<div class=\"elementor-container elementor-column-gap-default\">\n\t\t\t\t\t<div class=\"elementor-column elementor-col-100 elementor-top-column elementor-element elementor-element-414f814\" data-id=\"414f814\" data-element_type=\"column\">\n\t\t\t<div class=\"elementor-widget-wrap elementor-element-populated\">\n\t\t\t\t\t\t<div class=\"elementor-element elementor-element-0bd7a7f elementor-widget elementor-widget-text-editor\" data-id=\"0bd7a7f\" data-element_type=\"widget\" data-widget_type=\"text-editor.default\">\n\t\t\t\t<div class=\"elementor-widget-container\">\n\t\t\t\t\t\t\t<p>Wsp\u00f3lnota gromadzi si\u0119 w ka\u017cdy pi\u0105tek na adoracji Naj\u015bwi\u0119tszego Sakramentu, aby uwielbia\u0107, wynagradza\u0107, dzi\u0119kowa\u0107 i prosi\u0107.<\/p>\t\t\t\t\t\t<\/div>\n\t\t\t\t<\/div>\n\t\t\t\t\t<\/div>\n\t\t<\/div>\n\t\t\t\t\t<\/div>\n\t\t<\/section>\n\t\t\t\t<\/div>\n\t\t","protected":false},"excerpt":{"rendered":"<p>Intronizacja Naj\u015bwi\u0119tszego Serca Pana Jezusa Intronizacja jest to oficjalne i spo\u0142eczne uznanie najwy\u017cszej w\u0142adzy Serca Jezusowego nad rodzin\u0105 chrze\u015bcija\u0144sk\u0105. Czyli uznanie Pana Jezusa za naszego, naszej rodziny, jedynego Kr\u00f3la i jednocze\u015bnie oddanie si\u0119 Jemu Naj\u015bwi\u0119tszemu Sercu. Msza \u015awi\u0119ta w ka\u017cdy pi\u0105tek o godzinie 15:00. Po Mszy \u015aw. Adoracja Naj\u015bwi\u0119tszego Sakramentu do godziny 17:00 Msza \u015awi\u0119ta wynagradzaj\u0105ca Naj\u015bwi\u0119tszemu Sercu Pana Jezusa w ka\u017cdy pierwszy pi\u0105tek miesi\u0105ca o godzinie 15:00. Pan Jezus prosi\u0142 Mari\u0119 Ma\u0142gorzat\u0119 a p\u00f3\u017aniej Rozali\u0119 Celak\u00f3wn\u0119, aby dokona\u0107 Intronizacji Naj\u015bwi\u0119tszego Serca. Wskazuj\u0105c na serce, Jezus wskazuje na mi\u0142o\u015b\u0107, dobro\u0107, pok\u00f3j, mi\u0142osierdzie, sprawiedliwo\u015b\u0107, wszystko dobro, kt\u00f3re wyp\u0142ywa z Tego Serca by kr\u00f3lowa\u0142o w\u015br\u00f3d nas. Tylko Serce oddaje sedno stara\u0144 o wprowadzenie Kr\u00f3lestwa Bo\u017cego w\u015br\u00f3d nas, przez mi\u0142o\u015b\u0107. Jezus prosi tak\u017ce o uznanie go Kr\u00f3lem i przestrzeganie praw Bo\u017cych, liczenie si\u0119 z Jego w\u0142adz\u0105, moc\u0105, sprawiedliwo\u015bci\u0105. Je\u017celi pragniesz \u017cy\u0107 z Jezusem i razem z Nim kr\u00f3lowa\u0107, musisz nauczy\u0107 si\u0119 \u017cy\u0107 zgodnie z Ewangeli\u0105. Jezus, B\u00f3g, sta\u0142 si\u0119 cz\u0142owiekiem, \u017ceby Ci pokaza\u0107, \u017ce wystarczy tylko Bogu Ojcu zaufa\u0107, przestrzega\u0107 dekalogu, wype\u0142nia\u0107 wol\u0119 Bo\u017c\u0105 i z mi\u0142o\u015bci\u0105 budowa\u0107 Kr\u00f3lestwo Bo\u017ce, a wszystko inne b\u0119dzie Ci dane. Wsp\u00f3lnota gromadzi si\u0119 w ka\u017cdy pi\u0105tek na adoracji Naj\u015bwi\u0119tszego Sakramentu, aby uwielbia\u0107, wynagradza\u0107, dzi\u0119kowa\u0107 i prosi\u0107.<\/p>\n","protected":false},"author":1,"featured_media":0,"parent":0,"menu_order":0,"comment_status":"closed","ping_status":"closed","template":"","meta":{"_eb_attr":"","ngg_post_thumbnail":0,"footnotes":""},"_links":{"self":[{"href":"https:\/\/pallotynisandomierz.pl\/index.php\/wp-json\/wp\/v2\/pages\/1711"}],"collection":[{"href":"https:\/\/pallotynisandomierz.pl\/index.php\/wp-json\/wp\/v2\/pages"}],"about":[{"href":"https:\/\/pallotynisandomierz.pl\/index.php\/wp-json\/wp\/v2\/types\/page"}],"author":[{"embeddable":true,"href":"https:\/\/pallotynisandomierz.pl\/index.php\/wp-json\/wp\/v2\/users\/1"}],"replies":[{"embeddable":true,"href":"https:\/\/pallotynisandomierz.pl\/index.php\/wp-json\/wp\/v2\/comments?post=1711"}],"version-history":[{"count":32,"href":"https:\/\/pallotynisandomierz.pl\/index.php\/wp-json\/wp\/v2\/pages\/1711\/revisions"}],"predecessor-version":[{"id":3057,"href":"https:\/\/pallotynisandomierz.pl\/index.php\/wp-json\/wp\/v2\/pages\/1711\/revisions\/3057"}],"wp:attachment":[{"href":"https:\/\/pallotynisandomierz.pl\/index.php\/wp-json\/wp\/v2\/media?parent=1711"}],"curies":[{"name":"wp","href":"https:\/\/api.w.org\/{rel}","templated":true}]}}