{"id":323,"date":"2019-11-15T13:55:30","date_gmt":"2019-11-15T12:55:30","guid":{"rendered":"http:\/\/pallotynisandomierz.pl\/?page_id=323"},"modified":"2024-03-12T14:16:49","modified_gmt":"2024-03-12T13:16:49","slug":"nabozenstwa","status":"publish","type":"page","link":"https:\/\/pallotynisandomierz.pl\/index.php\/nabozenstwa\/","title":{"rendered":"NABO\u017bE\u0143STWA"},"content":{"rendered":"\t\t<div data-elementor-type=\"wp-page\" data-elementor-id=\"323\" class=\"elementor elementor-323\">\n\t\t\t\t\t\t<section class=\"elementor-section elementor-top-section elementor-element elementor-element-7838c883 elementor-section-boxed elementor-section-height-default elementor-section-height-default\" data-id=\"7838c883\" data-element_type=\"section\">\n\t\t\t\t\t\t<div class=\"elementor-container elementor-column-gap-default\">\n\t\t\t\t\t<div class=\"elementor-column elementor-col-100 elementor-top-column elementor-element elementor-element-2b13790a\" data-id=\"2b13790a\" data-element_type=\"column\">\n\t\t\t<div class=\"elementor-widget-wrap elementor-element-populated\">\n\t\t\t\t\t\t<div class=\"elementor-element elementor-element-3e1c2d4b elementor-widget elementor-widget-text-editor\" data-id=\"3e1c2d4b\" data-element_type=\"widget\" data-widget_type=\"text-editor.default\">\n\t\t\t\t<div class=\"elementor-widget-container\">\n\t\t\t\t\t\t\t<!-- wp:paragraph -->\n<p><span style=\"font-size: 20px; font-family: helvetica;\">MSZE \u015aWI\u0118TE<\/span><\/p>\n<p><span style=\"font-size: 16px; font-family: helvetica;\"><strong>Niedziela: <\/strong><\/span><\/p>\n<p><span style=\"font-size: 16px; font-family: helvetica;\"><!-- \/wp:paragraph --><!-- wp:list --><\/span><\/p>\n<ul><!-- wp:list-item -->\n<li><span style=\"font-size: 16px; font-family: helvetica;\">7:30<\/span><\/li>\n<!-- \/wp:list-item --><!-- wp:list-item -->\n<li><span style=\"font-size: 16px; font-family: helvetica;\">9:00 (kaplica ul. Pogodna)<\/span><\/li>\n<!-- \/wp:list-item --><!-- wp:list-item -->\n<li><span style=\"font-size: 16px; font-family: helvetica;\">11:00<\/span><\/li>\n<!-- \/wp:list-item --><!-- wp:list-item -->\n<li><span style=\"font-size: 16px; font-family: helvetica;\">12:30<\/span><\/li>\n<!-- \/wp:list-item --><!-- wp:list-item -->\n<li><span style=\"font-size: 16px; font-family: helvetica;\">19:15<\/span><\/li>\n<!-- \/wp:list-item --><\/ul>\n<p><span style=\"font-size: 16px; font-family: helvetica;\"><!-- \/wp:list --><!-- wp:paragraph --><\/span><\/p>\n<p><span style=\"font-size: 16px; font-family: helvetica;\"><strong> Dni powszednie: <\/strong><\/span><\/p>\n<p><span style=\"font-size: 16px; font-family: helvetica;\"><!-- \/wp:paragraph --><!-- wp:list --><\/span><\/p>\n<ul><!-- wp:list-item -->\n<li><span style=\"font-size: 16px; font-family: helvetica;\">6:30<\/span><\/li>\n<!-- \/wp:list-item --><!-- wp:list-item -->\n<li><span style=\"font-size: 16px; font-family: helvetica;\">15:00 (w pi\u0105tki)<\/span><\/li>\n<!-- \/wp:list-item --><!-- wp:list-item -->\n<li><span style=\"font-size: 16px; font-family: helvetica;\">18:00<\/span><\/li>\n<!-- \/wp:list-item --><\/ul>\n<!-- \/wp:list --><!-- wp:paragraph --><!-- \/wp:paragraph -->\t\t\t\t\t\t<\/div>\n\t\t\t\t<\/div>\n\t\t\t\t\t<\/div>\n\t\t<\/div>\n\t\t\t\t\t<\/div>\n\t\t<\/section>\n\t\t\t\t<section class=\"elementor-section elementor-top-section elementor-element elementor-element-d98ab22 elementor-section-boxed elementor-section-height-default elementor-section-height-default\" data-id=\"d98ab22\" data-element_type=\"section\">\n\t\t\t\t\t\t<div class=\"elementor-container elementor-column-gap-default\">\n\t\t\t\t\t<div class=\"elementor-column elementor-col-100 elementor-top-column elementor-element elementor-element-3bcb099\" data-id=\"3bcb099\" data-element_type=\"column\">\n\t\t\t<div class=\"elementor-widget-wrap elementor-element-populated\">\n\t\t\t\t\t\t<div class=\"elementor-element elementor-element-07d9d3f elementor-widget-divider--view-line elementor-widget elementor-widget-divider\" data-id=\"07d9d3f\" data-element_type=\"widget\" data-widget_type=\"divider.default\">\n\t\t\t\t<div class=\"elementor-widget-container\">\n\t\t\t\t\t<div class=\"elementor-divider\">\n\t\t\t<span class=\"elementor-divider-separator\">\n\t\t\t\t\t\t<\/span>\n\t\t<\/div>\n\t\t\t\t<\/div>\n\t\t\t\t<\/div>\n\t\t\t\t<div class=\"elementor-element elementor-element-64b2f1f elementor-widget elementor-widget-text-editor\" data-id=\"64b2f1f\" data-element_type=\"widget\" data-widget_type=\"text-editor.default\">\n\t\t\t\t<div class=\"elementor-widget-container\">\n\t\t\t\t\t\t\t<p><span style=\"font-size: 20px; font-family: helvetica;\">ADORACJA NAJ\u015aWI\u0118TSZEGO SAKRAMENTU<\/span><\/p>\n<ul>\n<li>\n<p><span style=\"font-family: helvetica;\">Codzienne w dni powszednie 17:00 &#8211; 18:00; (opr\u00f3cz wakacji &#8211; lipiec i sierpie\u0144)<\/span><\/p>\n<\/li>\n<\/ul>\n<p><span style=\"font-family: helvetica;\"><!-- \/wp:paragraph --><!-- wp:paragraph --><\/span><\/p>\n<ul>\n<li>\n<p><span style=\"font-family: helvetica;\">we wtorki: 20:00 &#8211; 21:00 z indywidualnym b\u0142ogos\u0142awie\u0144stwem Naj\u015bwi\u0119tszym Sakramentem (bez wakacji)<\/span><\/p>\n<\/li>\n<li>\n<p><span style=\"font-family: helvetica;\">w pi\u0105tki po Mszy \u015awi\u0119tej o godz. 15:00<\/span><\/p>\n<\/li>\n<\/ul>\n<p>\u00a0<\/p>\n<p><span style=\"font-size: 20px;\">NABO\u017bE\u0143STWO FATIMSKIE<\/span><\/p>\n<ul>\n<li>\n<p>w ka\u017cd\u0105 \u015brod\u0119 o godz. 17:30<\/p>\n<\/li>\n<li>\n<p>Msza \u015awi\u0119ta o godz. 18:00 ku czci MB Fatimskiej w intencjach zbiorowych<\/p>\n<\/li>\n<li>\n<p>ka\u017cdego 13 dnia miesi\u0105ca od maja do pa\u017adziernika Msza \u015awi\u0119ta przez wstawiennictwo Matki Bo\u017cej Fatimskiej, a po Mszy procesja r\u00f3\u017ca\u0144cowa wok\u00f3\u0142 naszego ko\u015bcio\u0142a<\/p>\n<\/li>\n<\/ul>\n<p>\u00a0<\/p>\n<p><span style=\"font-size: 20px;\">NABO\u017bE\u0143STWO W INTENCJI NOWYCH POWO\u0141A\u0143 KAP\u0141A\u0143SKICH I ZAKONNYCH<\/span><\/p>\n<ul>\n<li>w pierwsze czwartki miesi\u0105ca o godz. 17:00<\/li>\n<\/ul>\n<p>\u00a0<\/p>\n<p><span style=\"font-size: 20px;\">NABO\u017bE\u0143STWO WYNAGRADZAJ\u0104CE NAJ\u015aWI\u0118TSZEMU SERCU PANA JEZUSA<\/span><\/p>\n<ul>\n<li>w pierwsze pi\u0105tki miesi\u0105ca o godz. 17:00<\/li>\n<\/ul>\n<p>\u00a0<\/p>\n<p><span style=\"font-size: 20px;\">NABO\u017bE\u0143STWO WYNAGRADZAJ\u0104CE NIEPOKALANEMU SERCU NMP<\/span><\/p>\n<ul>\n<li>\n<p>w pierwsze soboty miesi\u0105ca o godz. 16:30.<\/p>\n<\/li>\n<\/ul>\n<p>\u00a0<\/p>\n<p><span style=\"font-size: 20px; font-family: helvetica;\">OKRESOWE<\/span><\/p>\n<p><span style=\"font-family: helvetica;\"><!-- \/wp:paragraph --><!-- wp:paragraph --><\/span><\/p>\n<p><span style=\"font-family: helvetica;\"><strong>W pa\u017adzierniku nabo\u017ce\u0144stwa r\u00f3\u017ca\u0144cowe<\/strong>: dla dzieci w poniedzia\u0142ki, \u015brody i pi\u0105tki o godz. 16:30; dla doros\u0142ych codziennie w dni powszednie o godz. 17:30.<\/span><\/p>\n<p><span style=\"font-family: helvetica;\"><!-- \/wp:paragraph --><!-- wp:paragraph --><\/span><\/p>\n<p><span style=\"font-family: helvetica;\"><strong>Roraty w Adwencie<\/strong>: dla dzieci w poniedzia\u0142ki, \u015brody i pi\u0105tki o godz. 16:30; dla doros\u0142ych w dni powszednie o godz. 6:15.<\/span><\/p>\n<p><span style=\"font-family: helvetica;\"><!-- \/wp:paragraph --><!-- wp:paragraph --><\/span><\/p>\n<p><span style=\"font-family: helvetica;\"><strong>Droga Krzy\u017cowa w Wielkim Po\u015bcie<\/strong> w pi\u0105tki: dla dzieci o godz. 16:30; dla doros\u0142ych o godz. 17:30; w kaplicy przy ul. Pogodnej o godz. 16:00.<\/span><\/p>\n<p><span style=\"font-family: helvetica;\"><!-- \/wp:paragraph --><!-- wp:paragraph --><\/span><\/p>\n<p><span style=\"font-family: helvetica;\"><strong>Nabo\u017ce\u0144stwo Gorzkich \u017bali<\/strong> z kazaniem pasyjnym w Wielkim Po\u015bcie w niedziel\u0119 o godz. 18:30.<\/span><\/p>\n<p><strong>R\u00f3\u017caniec za zmar\u0142ych z wypominkami<\/strong> w dni powszednie o godz. 17:20, w niedziele o godz. 18:35.<\/p>\t\t\t\t\t\t<\/div>\n\t\t\t\t<\/div>\n\t\t\t\t\t<\/div>\n\t\t<\/div>\n\t\t\t\t\t<\/div>\n\t\t<\/section>\n\t\t\t\t<\/div>\n\t\t","protected":false},"excerpt":{"rendered":"<p>MSZE \u015aWI\u0118TE Niedziela: Dni powszednie: ADORACJA NAJ\u015aWI\u0118TSZEGO SAKRAMENTU Codzienne w dni powszednie 17:00 &#8211; 18:00; (opr\u00f3cz wakacji &#8211; lipiec i sierpie\u0144) we wtorki: 20:00 &#8211; 21:00 z indywidualnym b\u0142ogos\u0142awie\u0144stwem Naj\u015bwi\u0119tszym Sakramentem (bez wakacji) w pi\u0105tki po Mszy \u015awi\u0119tej o godz. 15:00 \u00a0 NABO\u017bE\u0143STWO FATIMSKIE w ka\u017cd\u0105 \u015brod\u0119 o godz. 17:30 Msza \u015awi\u0119ta o godz. 18:00 ku czci MB Fatimskiej w intencjach zbiorowych ka\u017cdego 13 dnia miesi\u0105ca od maja do pa\u017adziernika Msza \u015awi\u0119ta przez wstawiennictwo Matki Bo\u017cej Fatimskiej, a po Mszy procesja r\u00f3\u017ca\u0144cowa wok\u00f3\u0142 naszego ko\u015bcio\u0142a \u00a0 NABO\u017bE\u0143STWO W INTENCJI NOWYCH POWO\u0141A\u0143 KAP\u0141A\u0143SKICH I ZAKONNYCH w pierwsze czwartki miesi\u0105ca o godz. 17:00 \u00a0 NABO\u017bE\u0143STWO WYNAGRADZAJ\u0104CE NAJ\u015aWI\u0118TSZEMU SERCU PANA JEZUSA w pierwsze pi\u0105tki miesi\u0105ca o godz. 17:00 \u00a0 NABO\u017bE\u0143STWO WYNAGRADZAJ\u0104CE NIEPOKALANEMU SERCU NMP w pierwsze soboty miesi\u0105ca o godz. 16:30. \u00a0 OKRESOWE W pa\u017adzierniku nabo\u017ce\u0144stwa r\u00f3\u017ca\u0144cowe: dla dzieci w poniedzia\u0142ki, \u015brody i pi\u0105tki o godz. 16:30; dla doros\u0142ych codziennie w dni powszednie o godz. 17:30. Roraty w Adwencie: dla dzieci w poniedzia\u0142ki, \u015brody i pi\u0105tki o godz. 16:30; dla doros\u0142ych w dni powszednie o godz. 6:15. Droga Krzy\u017cowa w Wielkim Po\u015bcie w pi\u0105tki: dla dzieci o godz. 16:30; dla doros\u0142ych o godz. 17:30; w kaplicy przy ul. Pogodnej o godz. 16:00. Nabo\u017ce\u0144stwo Gorzkich \u017bali z kazaniem pasyjnym w Wielkim Po\u015bcie w niedziel\u0119 o godz. 18:30. R\u00f3\u017caniec za zmar\u0142ych z wypominkami w dni powszednie o godz. 17:20, w niedziele o godz. 18:35.<\/p>\n","protected":false},"author":1,"featured_media":0,"parent":0,"menu_order":0,"comment_status":"closed","ping_status":"closed","template":"","meta":{"_eb_attr":"","ngg_post_thumbnail":0,"footnotes":""},"_links":{"self":[{"href":"https:\/\/pallotynisandomierz.pl\/index.php\/wp-json\/wp\/v2\/pages\/323"}],"collection":[{"href":"https:\/\/pallotynisandomierz.pl\/index.php\/wp-json\/wp\/v2\/pages"}],"about":[{"href":"https:\/\/pallotynisandomierz.pl\/index.php\/wp-json\/wp\/v2\/types\/page"}],"author":[{"embeddable":true,"href":"https:\/\/pallotynisandomierz.pl\/index.php\/wp-json\/wp\/v2\/users\/1"}],"replies":[{"embeddable":true,"href":"https:\/\/pallotynisandomierz.pl\/index.php\/wp-json\/wp\/v2\/comments?post=323"}],"version-history":[{"count":19,"href":"https:\/\/pallotynisandomierz.pl\/index.php\/wp-json\/wp\/v2\/pages\/323\/revisions"}],"predecessor-version":[{"id":3113,"href":"https:\/\/pallotynisandomierz.pl\/index.php\/wp-json\/wp\/v2\/pages\/323\/revisions\/3113"}],"wp:attachment":[{"href":"https:\/\/pallotynisandomierz.pl\/index.php\/wp-json\/wp\/v2\/media?parent=323"}],"curies":[{"name":"wp","href":"https:\/\/api.w.org\/{rel}","templated":true}]}}