{"id":330,"date":"2019-11-15T14:01:23","date_gmt":"2019-11-15T13:01:23","guid":{"rendered":"http:\/\/pallotynisandomierz.pl\/?page_id=330"},"modified":"2026-01-22T17:39:05","modified_gmt":"2026-01-22T16:39:05","slug":"bierzmowanie","status":"publish","type":"page","link":"https:\/\/pallotynisandomierz.pl\/index.php\/bierzmowanie\/","title":{"rendered":"BIERZMOWANIE"},"content":{"rendered":"\t\t<div data-elementor-type=\"wp-page\" data-elementor-id=\"330\" class=\"elementor elementor-330\">\n\t\t\t\t\t\t<section class=\"elementor-section elementor-top-section elementor-element elementor-element-3b893cc elementor-section-boxed elementor-section-height-default elementor-section-height-default\" data-id=\"3b893cc\" data-element_type=\"section\">\n\t\t\t\t\t\t<div class=\"elementor-container elementor-column-gap-default\">\n\t\t\t\t\t<div class=\"elementor-column elementor-col-50 elementor-top-column elementor-element elementor-element-9d57262\" data-id=\"9d57262\" data-element_type=\"column\">\n\t\t\t<div class=\"elementor-widget-wrap elementor-element-populated\">\n\t\t\t\t\t\t<div class=\"elementor-element elementor-element-f8e62ae elementor-widget elementor-widget-image\" data-id=\"f8e62ae\" data-element_type=\"widget\" data-widget_type=\"image.default\">\n\t\t\t\t<div class=\"elementor-widget-container\">\n\t\t\t\t\t\t\t\t\t\t\t\t\t<img fetchpriority=\"high\" decoding=\"async\" width=\"960\" height=\"720\" src=\"https:\/\/pallotynisandomierz.pl\/wp-content\/uploads\/2024\/03\/bierzmowanie-ile-trwa-jak-wyglada-128564-4_3-1024x768.jpg\" class=\"attachment-large size-large wp-image-3126\" alt=\"\" srcset=\"https:\/\/pallotynisandomierz.pl\/wp-content\/uploads\/2024\/03\/bierzmowanie-ile-trwa-jak-wyglada-128564-4_3-1024x768.jpg 1024w, https:\/\/pallotynisandomierz.pl\/wp-content\/uploads\/2024\/03\/bierzmowanie-ile-trwa-jak-wyglada-128564-4_3-300x225.jpg 300w, https:\/\/pallotynisandomierz.pl\/wp-content\/uploads\/2024\/03\/bierzmowanie-ile-trwa-jak-wyglada-128564-4_3-768x576.jpg 768w, https:\/\/pallotynisandomierz.pl\/wp-content\/uploads\/2024\/03\/bierzmowanie-ile-trwa-jak-wyglada-128564-4_3-1140x855.jpg 1140w, https:\/\/pallotynisandomierz.pl\/wp-content\/uploads\/2024\/03\/bierzmowanie-ile-trwa-jak-wyglada-128564-4_3-600x450.jpg 600w, https:\/\/pallotynisandomierz.pl\/wp-content\/uploads\/2024\/03\/bierzmowanie-ile-trwa-jak-wyglada-128564-4_3.jpg 1200w\" sizes=\"(max-width: 960px) 100vw, 960px\" \/>\t\t\t\t\t\t\t\t\t\t\t\t\t<\/div>\n\t\t\t\t<\/div>\n\t\t\t\t\t<\/div>\n\t\t<\/div>\n\t\t\t\t<div class=\"elementor-column elementor-col-50 elementor-top-column elementor-element elementor-element-2096858\" data-id=\"2096858\" data-element_type=\"column\">\n\t\t\t<div class=\"elementor-widget-wrap elementor-element-populated\">\n\t\t\t\t\t\t<div class=\"elementor-element elementor-element-5f8e841 elementor-widget elementor-widget-text-editor\" data-id=\"5f8e841\" data-element_type=\"widget\" data-widget_type=\"text-editor.default\">\n\t\t\t\t<div class=\"elementor-widget-container\">\n\t\t\t\t\t\t\t<p>Sakrament Bierzmowania<\/p><p>\u00a0<\/p><p>\u00a0<\/p><p>\u00a0<\/p><p>Przygotowanie: ks. Sebastian Ko\u0142odziejski SAC<\/p>\t\t\t\t\t\t<\/div>\n\t\t\t\t<\/div>\n\t\t\t\t\t<\/div>\n\t\t<\/div>\n\t\t\t\t\t<\/div>\n\t\t<\/section>\n\t\t\t\t<section class=\"elementor-section elementor-top-section elementor-element elementor-element-8ee406a elementor-section-boxed elementor-section-height-default elementor-section-height-default\" data-id=\"8ee406a\" data-element_type=\"section\">\n\t\t\t\t\t\t<div class=\"elementor-container elementor-column-gap-default\">\n\t\t\t\t\t<div class=\"elementor-column elementor-col-100 elementor-top-column elementor-element elementor-element-9fccdde\" data-id=\"9fccdde\" data-element_type=\"column\">\n\t\t\t<div class=\"elementor-widget-wrap elementor-element-populated\">\n\t\t\t\t\t\t<div class=\"elementor-element elementor-element-b265295 elementor-widget elementor-widget-text-editor\" data-id=\"b265295\" data-element_type=\"widget\" data-widget_type=\"text-editor.default\">\n\t\t\t\t<div class=\"elementor-widget-container\">\n\t\t\t\t\t\t\t<p>Sakrament bierzmowania jest <strong>dope\u0142nieniem \u0142aski chrztu<\/strong>\u00a0\u015bwi\u0119tego, kt\u00f3ra uzdalnia do m\u0119\u017cnego wyznawania wiary i umacnia do dawania \u015bwiadectwa s\u0142owem i czynem. Nazywany sakramentem dojrza\u0142o\u015bci chrze\u015bcija\u0144skiej nie zak\u0142ada dojrza\u0142o\u015bci w momencie jego przyjmowania, ale uzdalnia do jej osi\u0105gni\u0119cia.<\/p><p>Nauczanie Ko\u015bcio\u0142a podkre\u015bla wielkie znaczenie sakramentu bierzmowania dla \u017cycia chrze\u015bcija\u0144skiego.\u00a0<em>\u201ePrzez sakrament bierzmowania ochrzczeni jeszcze \u015bci\u015blej wi\u0105\u017c\u0105 si\u0119 z Ko\u015bcio\u0142em, otrzymuj\u0105 szczeg\u00f3ln\u0105 moc Ducha \u015awi\u0119tego i w ten spos\u00f3b jeszcze mocniej zobowi\u0105zani s\u0105 jako prawdziwi \u015bwiadkowie Chrystusa do szerzenia wiary s\u0142owem i uczynkiem oraz do bronienia jej (KKK 1285).<\/em><\/p>\t\t\t\t\t\t<\/div>\n\t\t\t\t<\/div>\n\t\t\t\t<div class=\"elementor-element elementor-element-28246c5 elementor-widget-divider--view-line elementor-widget elementor-widget-divider\" data-id=\"28246c5\" data-element_type=\"widget\" data-widget_type=\"divider.default\">\n\t\t\t\t<div class=\"elementor-widget-container\">\n\t\t\t\t\t<div class=\"elementor-divider\">\n\t\t\t<span class=\"elementor-divider-separator\">\n\t\t\t\t\t\t<\/span>\n\t\t<\/div>\n\t\t\t\t<\/div>\n\t\t\t\t<\/div>\n\t\t\t\t\t<\/div>\n\t\t<\/div>\n\t\t\t\t\t<\/div>\n\t\t<\/section>\n\t\t\t\t<section class=\"elementor-section elementor-top-section elementor-element elementor-element-3bb28eb elementor-section-boxed elementor-section-height-default elementor-section-height-default\" data-id=\"3bb28eb\" data-element_type=\"section\">\n\t\t\t\t\t\t<div class=\"elementor-container elementor-column-gap-default\">\n\t\t\t\t\t<div class=\"elementor-column elementor-col-100 elementor-top-column elementor-element elementor-element-e56ee0d\" data-id=\"e56ee0d\" data-element_type=\"column\">\n\t\t\t<div class=\"elementor-widget-wrap elementor-element-populated\">\n\t\t\t\t\t\t<div class=\"elementor-element elementor-element-b8e3b8b elementor-widget elementor-widget-text-editor\" data-id=\"b8e3b8b\" data-element_type=\"widget\" data-widget_type=\"text-editor.default\">\n\t\t\t\t<div class=\"elementor-widget-container\">\n\t\t\t\t\t\t\t<p>Przygotowanie do przyj\u0119cia sakramentu bierzmowania w naszej diecezji obejmuje okres trzech lat (6, 7 i 8 klasa szko\u0142y podstawowej).<\/p><p>Poza uczestnictwem w katechezie szkolnej m\u0142odzie\u017c uczestniczy w spotkaniach w ko\u015bciele wed\u0142ug podanego grafiku rocznego (raz w miesi\u0105cu).<\/p>\t\t\t\t\t\t<\/div>\n\t\t\t\t<\/div>\n\t\t\t\t\t<\/div>\n\t\t<\/div>\n\t\t\t\t\t<\/div>\n\t\t<\/section>\n\t\t\t\t<section class=\"elementor-section elementor-top-section elementor-element elementor-element-3014186 elementor-section-boxed elementor-section-height-default elementor-section-height-default\" data-id=\"3014186\" data-element_type=\"section\">\n\t\t\t\t\t\t<div class=\"elementor-container elementor-column-gap-default\">\n\t\t\t\t\t<div class=\"elementor-column elementor-col-100 elementor-top-column elementor-element elementor-element-04b20f1\" data-id=\"04b20f1\" data-element_type=\"column\">\n\t\t\t<div class=\"elementor-widget-wrap elementor-element-populated\">\n\t\t\t\t\t\t<div class=\"elementor-element elementor-element-9de21ec elementor-widget elementor-widget-text-editor\" data-id=\"9de21ec\" data-element_type=\"widget\" data-widget_type=\"text-editor.default\">\n\t\t\t\t<div class=\"elementor-widget-container\">\n\t\t\t\t\t\t\t<p><strong>Dokumenty do bierzmowania:<\/strong><\/p><ul><li><p>Akt chrztu (je\u017celi chrzest by\u0142 poza nasz\u0105 parafi\u0105)<\/p><\/li><li><p>Pozwolenie na przyj\u0119cie sakramentu w naszej parafii (dla os\u00f3b z poza parafii)<\/p><\/li><li><p>Za\u015bwiadczenie dla \u015bwiadk\u00f3w bierzmowania (dla os\u00f3b z poza parafii)<\/p><\/li><\/ul>\t\t\t\t\t\t<\/div>\n\t\t\t\t<\/div>\n\t\t\t\t<div class=\"elementor-element elementor-element-d7450ba elementor-widget-divider--view-line elementor-widget elementor-widget-divider\" data-id=\"d7450ba\" data-element_type=\"widget\" data-widget_type=\"divider.default\">\n\t\t\t\t<div class=\"elementor-widget-container\">\n\t\t\t\t\t<div class=\"elementor-divider\">\n\t\t\t<span class=\"elementor-divider-separator\">\n\t\t\t\t\t\t<\/span>\n\t\t<\/div>\n\t\t\t\t<\/div>\n\t\t\t\t<\/div>\n\t\t\t\t\t<\/div>\n\t\t<\/div>\n\t\t\t\t\t<\/div>\n\t\t<\/section>\n\t\t\t\t<section class=\"elementor-section elementor-top-section elementor-element elementor-element-b33a26f elementor-section-boxed elementor-section-height-default elementor-section-height-default\" data-id=\"b33a26f\" data-element_type=\"section\">\n\t\t\t\t\t\t<div class=\"elementor-container elementor-column-gap-default\">\n\t\t\t\t\t<div class=\"elementor-column elementor-col-100 elementor-top-column elementor-element elementor-element-577bd02\" data-id=\"577bd02\" data-element_type=\"column\">\n\t\t\t<div class=\"elementor-widget-wrap elementor-element-populated\">\n\t\t\t\t\t\t<div class=\"elementor-element elementor-element-292aa26 elementor-widget elementor-widget-text-editor\" data-id=\"292aa26\" data-element_type=\"widget\" data-widget_type=\"text-editor.default\">\n\t\t\t\t<div class=\"elementor-widget-container\">\n\t\t\t\t\t\t\t<p style=\"text-align: center;\"><span style=\"font-size: 20px;\"><strong>INFORMACJE<\/strong><\/span><\/p>\t\t\t\t\t\t<\/div>\n\t\t\t\t<\/div>\n\t\t\t\t\t<\/div>\n\t\t<\/div>\n\t\t\t\t\t<\/div>\n\t\t<\/section>\n\t\t\t\t<section class=\"elementor-section elementor-top-section elementor-element elementor-element-15db997 elementor-section-boxed elementor-section-height-default elementor-section-height-default\" data-id=\"15db997\" data-element_type=\"section\">\n\t\t\t\t\t\t<div class=\"elementor-container elementor-column-gap-default\">\n\t\t\t\t\t<div class=\"elementor-column elementor-col-100 elementor-top-column elementor-element elementor-element-bcd7466\" data-id=\"bcd7466\" data-element_type=\"column\">\n\t\t\t<div class=\"elementor-widget-wrap elementor-element-populated\">\n\t\t\t\t\t\t<div class=\"elementor-element elementor-element-ac7da37 elementor-widget elementor-widget-text-editor\" data-id=\"ac7da37\" data-element_type=\"widget\" data-widget_type=\"text-editor.default\">\n\t\t\t\t<div class=\"elementor-widget-container\">\n\t\t\t\t\t\t\t<p><strong>Duszpasterz<\/strong>: ks. Sebastian Ko\u0142odziejski SAC &#8211; tel. 609131494<\/p>\t\t\t\t\t\t<\/div>\n\t\t\t\t<\/div>\n\t\t\t\t\t<\/div>\n\t\t<\/div>\n\t\t\t\t\t<\/div>\n\t\t<\/section>\n\t\t\t\t<section class=\"elementor-section elementor-top-section elementor-element elementor-element-ef4e6e7 elementor-section-boxed elementor-section-height-default elementor-section-height-default\" data-id=\"ef4e6e7\" data-element_type=\"section\">\n\t\t\t\t\t\t<div class=\"elementor-container elementor-column-gap-default\">\n\t\t\t\t\t<div class=\"elementor-column elementor-col-100 elementor-top-column elementor-element elementor-element-cb12045\" data-id=\"cb12045\" data-element_type=\"column\">\n\t\t\t<div class=\"elementor-widget-wrap elementor-element-populated\">\n\t\t\t\t\t\t<div class=\"elementor-element elementor-element-cec47c5 elementor-widget elementor-widget-text-editor\" data-id=\"cec47c5\" data-element_type=\"widget\" data-widget_type=\"text-editor.default\">\n\t\t\t\t<div class=\"elementor-widget-container\">\n\t\t\t\t\t\t\t<p style=\"text-align: center;\"><strong>Warunkiem uczestnictwa w przygotowaniu do bierzmowania dla uczni\u00f3w klas 7 i 8 szk\u00f3\u0142 podstawowych jest dostarczenie za\u015bwiadczenia od swojego katechety o uczestnictwie w katechezie szkolnej w br. szkolnym.<\/strong><\/p>\t\t\t\t\t\t<\/div>\n\t\t\t\t<\/div>\n\t\t\t\t\t<\/div>\n\t\t<\/div>\n\t\t\t\t\t<\/div>\n\t\t<\/section>\n\t\t\t\t<section class=\"elementor-section elementor-top-section elementor-element elementor-element-7c078b8 elementor-section-boxed elementor-section-height-default elementor-section-height-default\" data-id=\"7c078b8\" data-element_type=\"section\">\n\t\t\t\t\t\t<div class=\"elementor-container elementor-column-gap-default\">\n\t\t\t\t\t<div class=\"elementor-column elementor-col-100 elementor-top-column elementor-element elementor-element-be0583b\" data-id=\"be0583b\" data-element_type=\"column\">\n\t\t\t<div class=\"elementor-widget-wrap elementor-element-populated\">\n\t\t\t\t\t\t<div class=\"elementor-element elementor-element-9b76a22 elementor-widget elementor-widget-text-editor\" data-id=\"9b76a22\" data-element_type=\"widget\" data-widget_type=\"text-editor.default\">\n\t\t\t\t<div class=\"elementor-widget-container\">\n\t\t\t\t\t\t\t<p style=\"font-weight: 400; text-align: center;\"><span style=\"color: #000000;\"><strong>KLASA 8<\/strong><\/span><\/p><p style=\"font-weight: 400;\"><span style=\"color: #000000;\">Ustalony czas spotka\u0144 i ich regularno\u015b\u0107:<\/span><\/p><ul style=\"font-weight: 400;\"><li><span style=\"color: #000000;\"><strong>19 wrze\u015bnia<\/strong> 18.30 (po wieczornej Mszy \u015awi\u0119tej) do 19.30<\/span><\/li><li><span style=\"color: #000000;\"><strong>10 pa\u017adziernika<\/strong> 18.30 (po wieczornej Mszy \u015awi\u0119tej) do 19.30 <em>(na to spotkanie nale\u017cy dostarczy\u0107: zgody (nale\u017cy pobra\u0107 poni\u017cej), za\u015bwiadczenie o katechezie (nale\u017cy pobra\u0107 poni\u017cej) oraz aktu chrztu (dotyczy os\u00f3b, kt\u00f3re by\u0142y chrzczone poza nasz\u0105 parafi\u0105))<\/em>.<\/span><\/li><\/ul><ul style=\"font-weight: 400;\"><li><span style=\"color: #000000;\"><strong>21 listopada<\/strong> 18.30 (po wieczornej Mszy \u015awi\u0119tej) do 19.30<\/span><\/li><li><span style=\"color: #000000;\"><strong>12 grudnia<\/strong> 18.30 (po wieczornej Mszy \u015awi\u0119tej) do 19.30<\/span><\/li><li><span style=\"color: #000000;\"><strong>16 stycznia<\/strong> 18.30 (po wieczornej Mszy \u015awi\u0119tej) do 19.30<\/span><\/li><li><span style=\"color: #000000;\"><strong>13 lutego<\/strong> 18.30 (po wieczornej Mszy \u015awi\u0119tej) do 19.30<\/span><\/li><\/ul><p style=\"text-align: center;\"><span style=\"color: #ff0000;\">BIERZMOWANIE ODB\u0118DZIE SI\u0118 \u00a05 MARCA 2026r. o godz. 18:00.<\/span><\/p><p style=\"text-align: center;\"><span style=\"color: #000000;\">Przed bierzmowaniem zostan\u0105 podane r\u00f3wnie\u017c terminy pr\u00f3b.<\/span><\/p>\t\t\t\t\t\t<\/div>\n\t\t\t\t<\/div>\n\t\t\t\t\t<\/div>\n\t\t<\/div>\n\t\t\t\t\t<\/div>\n\t\t<\/section>\n\t\t\t\t<section class=\"elementor-section elementor-top-section elementor-element elementor-element-ba99b0d elementor-section-boxed elementor-section-height-default elementor-section-height-default\" data-id=\"ba99b0d\" data-element_type=\"section\">\n\t\t\t\t\t\t<div class=\"elementor-container elementor-column-gap-default\">\n\t\t\t\t\t<div class=\"elementor-column elementor-col-100 elementor-top-column elementor-element elementor-element-f79380d\" data-id=\"f79380d\" data-element_type=\"column\">\n\t\t\t<div class=\"elementor-widget-wrap elementor-element-populated\">\n\t\t\t\t\t\t<div class=\"elementor-element elementor-element-0aa1f38 elementor-widget elementor-widget-text-editor\" data-id=\"0aa1f38\" data-element_type=\"widget\" data-widget_type=\"text-editor.default\">\n\t\t\t\t<div class=\"elementor-widget-container\">\n\t\t\t\t\t\t\t<p style=\"font-weight: 400; text-align: center;\"><span style=\"color: #000000;\"><strong>KLASA 7 <\/strong><\/span><\/p><p style=\"font-weight: 400; text-align: center;\"><strong><span style=\"color: #ff0000;\">(na ka\u017cde spotkanie przychodzimy z Pismem \u015awi\u0119tym)<\/span><\/strong><\/p><p style=\"font-weight: 400;\">\u00a0<span style=\"color: #000000;\">Ustalony czas spotka\u0144 i ich regularno\u015b\u0107:<\/span><\/p><ul><li><span style=\"color: #000000;\"><strong>03 pa\u017adziernika\u00a0<\/strong> \u00a0\u00a0\u00a0 godz. 18.30 (po wieczornej Mszy \u015awi\u0119tej) do 19.30<\/span><\/li><li><span style=\"color: #000000;\"><strong>05 grudnia <\/strong>godz. 18.30 (po wieczornej Mszy \u015awi\u0119tej) do 19.30 <em>(na to spotkanie nale\u017cy dostarczy\u0107: zgody (nale\u017cy pobra\u0107 poni\u017cej) oraz za\u015bwiadczenie o katechezie\u00a0(nale\u017cy pobra\u0107 poni\u017cej))<\/em>.<\/span><\/li><li><span style=\"color: #000000;\"><strong>09 stycznia\u00a0\u00a0<\/strong>\u00a0\u00a0\u00a0\u00a0\u00a0\u00a0\u00a0\u00a0 \u00a0\u00a0godz. 18.30 (po wieczornej Mszy \u015awi\u0119tej) do 19.30<\/span><\/li><li><span style=\"color: #000000;\"><strong>06 lutego\u00a0\u00a0<\/strong>\u00a0\u00a0\u00a0\u00a0\u00a0\u00a0\u00a0\u00a0\u00a0\u00a0\u00a0\u00a0\u00a0 godz. 18.30 (po wieczornej Mszy \u015awi\u0119tej) do 19.30<\/span><\/li><li><span style=\"color: #000000;\"><strong>06 marca\u00a0\u00a0\u00a0<\/strong>\u00a0\u00a0\u00a0\u00a0\u00a0\u00a0\u00a0\u00a0\u00a0\u00a0\u00a0\u00a0 godz. 18.30 (po wieczornej Mszy \u015awi\u0119tej) do 19.30<\/span><\/li><li><span style=\"color: #000000;\"><strong>10 kwietnia\u00a0<\/strong>\u00a0\u00a0\u00a0\u00a0\u00a0\u00a0 \u00a0\u00a0\u00a0 godz. 18.30 (po wieczornej Mszy \u015awi\u0119tej) do 19.30<\/span><\/li><li><span style=\"color: #000000;\"><strong>08 maja\u00a0\u00a0\u00a0\u00a0\u00a0<\/strong>\u00a0\u00a0\u00a0\u00a0\u00a0\u00a0\u00a0\u00a0\u00a0 \u00a0\u00a0\u00a0 godz. 18.30 (po wieczornej Mszy \u015awi\u0119tej) do 19.30<\/span><\/li><li><span style=\"color: #000000;\"><strong>12 czerwca\u00a0\u00a0<\/strong>\u00a0\u00a0\u00a0\u00a0\u00a0\u00a0\u00a0 \u00a0\u00a0\u00a0 godz. 18.30 (po wieczornej Mszy \u015awi\u0119tej) do 19.30<\/span><\/li><\/ul>\t\t\t\t\t\t<\/div>\n\t\t\t\t<\/div>\n\t\t\t\t\t<\/div>\n\t\t<\/div>\n\t\t\t\t\t<\/div>\n\t\t<\/section>\n\t\t\t\t<section class=\"elementor-section elementor-top-section elementor-element elementor-element-514c32f elementor-section-boxed elementor-section-height-default elementor-section-height-default\" data-id=\"514c32f\" data-element_type=\"section\">\n\t\t\t\t\t\t<div class=\"elementor-container elementor-column-gap-default\">\n\t\t\t\t\t<div class=\"elementor-column elementor-col-100 elementor-top-column elementor-element elementor-element-b9788a8\" data-id=\"b9788a8\" data-element_type=\"column\">\n\t\t\t<div class=\"elementor-widget-wrap elementor-element-populated\">\n\t\t\t\t\t\t<div class=\"elementor-element elementor-element-032c41b elementor-widget elementor-widget-button\" data-id=\"032c41b\" data-element_type=\"widget\" data-widget_type=\"button.default\">\n\t\t\t\t<div class=\"elementor-widget-container\">\n\t\t\t\t\t<div class=\"elementor-button-wrapper\">\n\t\t\t<a class=\"elementor-button elementor-button-link elementor-size-sm\" href=\"https:\/\/pallotynisandomierz.pl\/wp-content\/uploads\/2025\/09\/zgoda-na-udzial-w-przygotowaniu-do-bierzmowania.pdf\" target=\"_blank\">\n\t\t\t\t\t\t<span class=\"elementor-button-content-wrapper\">\n\t\t\t\t\t\t<span class=\"elementor-button-text\">Zgoda na udzia\u0142 dziecka w katechezie<\/span>\n\t\t<\/span>\n\t\t\t\t\t<\/a>\n\t\t<\/div>\n\t\t\t\t<\/div>\n\t\t\t\t<\/div>\n\t\t\t\t<div class=\"elementor-element elementor-element-5f9875c elementor-widget elementor-widget-button\" data-id=\"5f9875c\" data-element_type=\"widget\" data-widget_type=\"button.default\">\n\t\t\t\t<div class=\"elementor-widget-container\">\n\t\t\t\t\t<div class=\"elementor-button-wrapper\">\n\t\t\t<a class=\"elementor-button elementor-button-link elementor-size-sm\" href=\"https:\/\/pallotynisandomierz.pl\/wp-content\/uploads\/2025\/09\/zaswiadczenie-katechizacji.pdf\" target=\"_blank\">\n\t\t\t\t\t\t<span class=\"elementor-button-content-wrapper\">\n\t\t\t\t\t\t<span class=\"elementor-button-text\">Za\u015bwiadczenie o katechizacji<\/span>\n\t\t<\/span>\n\t\t\t\t\t<\/a>\n\t\t<\/div>\n\t\t\t\t<\/div>\n\t\t\t\t<\/div>\n\t\t\t\t\t<\/div>\n\t\t<\/div>\n\t\t\t\t\t<\/div>\n\t\t<\/section>\n\t\t\t\t<\/div>\n\t\t","protected":false},"excerpt":{"rendered":"<p>Sakrament Bierzmowania \u00a0 \u00a0 \u00a0 Przygotowanie: ks. Sebastian Ko\u0142odziejski SAC Sakrament bierzmowania jest dope\u0142nieniem \u0142aski chrztu\u00a0\u015bwi\u0119tego, kt\u00f3ra uzdalnia do m\u0119\u017cnego wyznawania wiary i umacnia do dawania \u015bwiadectwa s\u0142owem i czynem. Nazywany sakramentem dojrza\u0142o\u015bci chrze\u015bcija\u0144skiej nie zak\u0142ada dojrza\u0142o\u015bci w momencie jego przyjmowania, ale uzdalnia do jej osi\u0105gni\u0119cia. Nauczanie Ko\u015bcio\u0142a podkre\u015bla wielkie znaczenie sakramentu bierzmowania dla \u017cycia chrze\u015bcija\u0144skiego.\u00a0\u201ePrzez sakrament bierzmowania ochrzczeni jeszcze \u015bci\u015blej wi\u0105\u017c\u0105 si\u0119 z Ko\u015bcio\u0142em, otrzymuj\u0105 szczeg\u00f3ln\u0105 moc Ducha \u015awi\u0119tego i w ten spos\u00f3b jeszcze mocniej zobowi\u0105zani s\u0105 jako prawdziwi \u015bwiadkowie Chrystusa do szerzenia wiary s\u0142owem i uczynkiem oraz do bronienia jej (KKK 1285). Przygotowanie do przyj\u0119cia sakramentu bierzmowania w naszej diecezji obejmuje okres trzech lat (6, 7 i 8 klasa szko\u0142y podstawowej). Poza uczestnictwem w katechezie szkolnej m\u0142odzie\u017c uczestniczy w spotkaniach w ko\u015bciele wed\u0142ug podanego grafiku rocznego (raz w miesi\u0105cu). Dokumenty do bierzmowania: Akt chrztu (je\u017celi chrzest by\u0142 poza nasz\u0105 parafi\u0105) Pozwolenie na przyj\u0119cie sakramentu w naszej parafii (dla os\u00f3b z poza parafii) Za\u015bwiadczenie dla \u015bwiadk\u00f3w bierzmowania (dla os\u00f3b z poza parafii) INFORMACJE Duszpasterz: ks. Sebastian Ko\u0142odziejski SAC &#8211; tel. 609131494 Warunkiem uczestnictwa w przygotowaniu do bierzmowania dla uczni\u00f3w klas 7 i 8 szk\u00f3\u0142 podstawowych jest dostarczenie za\u015bwiadczenia od swojego katechety o uczestnictwie w katechezie szkolnej w br. szkolnym. KLASA 8 Ustalony czas spotka\u0144 i ich regularno\u015b\u0107: 19 wrze\u015bnia 18.30 (po wieczornej Mszy \u015awi\u0119tej) do 19.30 10 pa\u017adziernika 18.30 (po wieczornej Mszy \u015awi\u0119tej) do 19.30 (na to spotkanie nale\u017cy dostarczy\u0107: zgody (nale\u017cy pobra\u0107 poni\u017cej), za\u015bwiadczenie o katechezie (nale\u017cy pobra\u0107 poni\u017cej) oraz aktu chrztu (dotyczy os\u00f3b, kt\u00f3re by\u0142y chrzczone poza nasz\u0105 parafi\u0105)). 21 listopada 18.30 (po wieczornej Mszy \u015awi\u0119tej) do 19.30 12 grudnia 18.30 (po wieczornej Mszy \u015awi\u0119tej) do 19.30 16 stycznia 18.30 (po wieczornej Mszy \u015awi\u0119tej) do 19.30 13 lutego 18.30 (po wieczornej Mszy \u015awi\u0119tej) do 19.30 BIERZMOWANIE ODB\u0118DZIE SI\u0118 \u00a05 MARCA 2026r. o godz. 18:00. Przed bierzmowaniem zostan\u0105 podane r\u00f3wnie\u017c terminy pr\u00f3b. KLASA 7 (na ka\u017cde spotkanie przychodzimy z Pismem \u015awi\u0119tym) \u00a0Ustalony czas spotka\u0144 i ich regularno\u015b\u0107: 03 pa\u017adziernika\u00a0 \u00a0\u00a0\u00a0 godz. 18.30 (po wieczornej Mszy \u015awi\u0119tej) do 19.30 05 grudnia godz. 18.30 (po wieczornej Mszy \u015awi\u0119tej) do 19.30 (na to spotkanie nale\u017cy dostarczy\u0107: zgody (nale\u017cy pobra\u0107 poni\u017cej) oraz za\u015bwiadczenie o katechezie\u00a0(nale\u017cy pobra\u0107 poni\u017cej)). 09 stycznia\u00a0\u00a0\u00a0\u00a0\u00a0\u00a0\u00a0\u00a0\u00a0\u00a0 \u00a0\u00a0godz. 18.30 (po wieczornej Mszy \u015awi\u0119tej) do 19.30 06 lutego\u00a0\u00a0\u00a0\u00a0\u00a0\u00a0\u00a0\u00a0\u00a0\u00a0\u00a0\u00a0\u00a0\u00a0\u00a0 godz. 18.30 (po wieczornej Mszy \u015awi\u0119tej) do 19.30 06 marca\u00a0\u00a0\u00a0\u00a0\u00a0\u00a0\u00a0\u00a0\u00a0\u00a0\u00a0\u00a0\u00a0\u00a0\u00a0 godz. 18.30 (po wieczornej Mszy \u015awi\u0119tej) do 19.30 10 kwietnia\u00a0\u00a0\u00a0\u00a0\u00a0\u00a0\u00a0 \u00a0\u00a0\u00a0 godz. 18.30 (po wieczornej Mszy \u015awi\u0119tej) do 19.30 08 maja\u00a0\u00a0\u00a0\u00a0\u00a0\u00a0\u00a0\u00a0\u00a0\u00a0\u00a0\u00a0\u00a0\u00a0 \u00a0\u00a0\u00a0 godz. 18.30 (po wieczornej Mszy \u015awi\u0119tej) do 19.30 12 czerwca\u00a0\u00a0\u00a0\u00a0\u00a0\u00a0\u00a0\u00a0\u00a0 \u00a0\u00a0\u00a0 godz. 18.30 (po wieczornej Mszy \u015awi\u0119tej) do 19.30 Zgoda na udzia\u0142 dziecka w katechezie Za\u015bwiadczenie o katechizacji<\/p>\n","protected":false},"author":1,"featured_media":0,"parent":0,"menu_order":0,"comment_status":"closed","ping_status":"closed","template":"","meta":{"_eb_attr":"","ngg_post_thumbnail":0,"footnotes":""},"_links":{"self":[{"href":"https:\/\/pallotynisandomierz.pl\/index.php\/wp-json\/wp\/v2\/pages\/330"}],"collection":[{"href":"https:\/\/pallotynisandomierz.pl\/index.php\/wp-json\/wp\/v2\/pages"}],"about":[{"href":"https:\/\/pallotynisandomierz.pl\/index.php\/wp-json\/wp\/v2\/types\/page"}],"author":[{"embeddable":true,"href":"https:\/\/pallotynisandomierz.pl\/index.php\/wp-json\/wp\/v2\/users\/1"}],"replies":[{"embeddable":true,"href":"https:\/\/pallotynisandomierz.pl\/index.php\/wp-json\/wp\/v2\/comments?post=330"}],"version-history":[{"count":124,"href":"https:\/\/pallotynisandomierz.pl\/index.php\/wp-json\/wp\/v2\/pages\/330\/revisions"}],"predecessor-version":[{"id":5815,"href":"https:\/\/pallotynisandomierz.pl\/index.php\/wp-json\/wp\/v2\/pages\/330\/revisions\/5815"}],"wp:attachment":[{"href":"https:\/\/pallotynisandomierz.pl\/index.php\/wp-json\/wp\/v2\/media?parent=330"}],"curies":[{"name":"wp","href":"https:\/\/api.w.org\/{rel}","templated":true}]}}