{"id":408,"date":"2019-11-25T22:51:04","date_gmt":"2019-11-25T21:51:04","guid":{"rendered":"http:\/\/pallotynisandomierz.pl\/?page_id=408"},"modified":"2024-09-04T15:32:22","modified_gmt":"2024-09-04T13:32:22","slug":"namaszczenie-chorych","status":"publish","type":"page","link":"https:\/\/pallotynisandomierz.pl\/index.php\/namaszczenie-chorych\/","title":{"rendered":"NAMASZCZENIE CHORYCH"},"content":{"rendered":"\t\t<div data-elementor-type=\"wp-page\" data-elementor-id=\"408\" class=\"elementor elementor-408\">\n\t\t\t\t\t\t<section class=\"elementor-section elementor-top-section elementor-element elementor-element-2139637 elementor-section-boxed elementor-section-height-default elementor-section-height-default\" data-id=\"2139637\" data-element_type=\"section\">\n\t\t\t\t\t\t<div class=\"elementor-container elementor-column-gap-default\">\n\t\t\t\t\t<div class=\"elementor-column elementor-col-50 elementor-top-column elementor-element elementor-element-7db226d\" data-id=\"7db226d\" data-element_type=\"column\">\n\t\t\t<div class=\"elementor-widget-wrap elementor-element-populated\">\n\t\t\t\t\t\t<div class=\"elementor-element elementor-element-983cc03 elementor-widget elementor-widget-image\" data-id=\"983cc03\" data-element_type=\"widget\" data-widget_type=\"image.default\">\n\t\t\t\t<div class=\"elementor-widget-container\">\n\t\t\t\t\t\t\t\t\t\t\t\t\t<img fetchpriority=\"high\" decoding=\"async\" width=\"433\" height=\"579\" src=\"https:\/\/pallotynisandomierz.pl\/wp-content\/uploads\/2024\/09\/editor_1698775473_85.png\" class=\"attachment-large size-large wp-image-4418\" alt=\"\" srcset=\"https:\/\/pallotynisandomierz.pl\/wp-content\/uploads\/2024\/09\/editor_1698775473_85.png 433w, https:\/\/pallotynisandomierz.pl\/wp-content\/uploads\/2024\/09\/editor_1698775473_85-224x300.png 224w\" sizes=\"(max-width: 433px) 100vw, 433px\" \/>\t\t\t\t\t\t\t\t\t\t\t\t\t<\/div>\n\t\t\t\t<\/div>\n\t\t\t\t\t<\/div>\n\t\t<\/div>\n\t\t\t\t<div class=\"elementor-column elementor-col-50 elementor-top-column elementor-element elementor-element-f7f93e4\" data-id=\"f7f93e4\" data-element_type=\"column\">\n\t\t\t<div class=\"elementor-widget-wrap elementor-element-populated\">\n\t\t\t\t\t\t<div class=\"elementor-element elementor-element-361aa73 elementor-widget elementor-widget-text-editor\" data-id=\"361aa73\" data-element_type=\"widget\" data-widget_type=\"text-editor.default\">\n\t\t\t\t<div class=\"elementor-widget-container\">\n\t\t\t\t\t\t\t<p>Odwiedziny chorych i sakrament namaszczenia chorych<\/p>\n<p>\u00a0<\/p>\n<p>\u00a0<\/p>\n<p>\u00a0<\/p>\n<p>\u00a0<\/p>\n<p style=\"text-align: left;\">Kapelan szpitala ks. Tadeusz Paw\u0142owski SAC tel. 728 837 191<\/p>\n<p style=\"text-align: left;\"><!-- \/wp:paragraph --><!-- wp:paragraph {\"align\":\"center\"} --><\/p>\n<p style=\"text-align: left;\"><strong>Msza \u015awi\u0119ta w kaplicy szpitalnej <\/strong><\/p>\n<ul>\n<li style=\"text-align: left;\"><strong>codziennie w dni powszednie <\/strong><strong>o godz. 18:45; <\/strong><\/li>\n<li style=\"text-align: left;\"><strong>w niedziele o godz. 9:00 i 18:00.<\/strong><\/li>\n<\/ul>\n<p style=\"text-align: left;\"><!-- \/wp:paragraph --><!-- wp:paragraph {\"align\":\"center\"} --><\/p>\t\t\t\t\t\t<\/div>\n\t\t\t\t<\/div>\n\t\t\t\t\t<\/div>\n\t\t<\/div>\n\t\t\t\t\t<\/div>\n\t\t<\/section>\n\t\t\t\t<section class=\"elementor-section elementor-top-section elementor-element elementor-element-ed121e2 elementor-section-boxed elementor-section-height-default elementor-section-height-default\" data-id=\"ed121e2\" data-element_type=\"section\">\n\t\t\t\t\t\t<div class=\"elementor-container elementor-column-gap-default\">\n\t\t\t\t\t<div class=\"elementor-column elementor-col-100 elementor-top-column elementor-element elementor-element-d9bfe95\" data-id=\"d9bfe95\" data-element_type=\"column\">\n\t\t\t<div class=\"elementor-widget-wrap elementor-element-populated\">\n\t\t\t\t\t\t<div class=\"elementor-element elementor-element-c7ca00e elementor-widget elementor-widget-text-editor\" data-id=\"c7ca00e\" data-element_type=\"widget\" data-widget_type=\"text-editor.default\">\n\t\t\t\t<div class=\"elementor-widget-container\">\n\t\t\t\t\t\t\t<p style=\"text-align: center;\"><strong>ODWIEDZINY CHORYCH<\/strong><\/p>\n<p>Odwiedziny chorych\u00a0i starszych wiekiem<b>\u00a0<\/b>Parafian\u00a0odbywaj\u0105 si\u0119 zasadniczo w<b> I pi\u0105tek miesi\u0105ca od godz. 9:00 (z wyj\u0105tkiem lipca i sierpnia)<\/b>. O ewentualnej zmianie tego terminu lub godziny (ze wzgl\u0119d\u00f3w losowych) informujemy na bie\u017c\u0105co w og\u0142oszeniach duszpasterskich.\u00a0<\/p>\n<ul>\n<li><strong>Jak zaprosi\u0107 kap\u0142ana do chorego?\u00a0<\/strong><\/li>\n<\/ul>\n<p>Mo\u017ce to uczyni\u0107 telefonicznie sam chory lub kto\u015b inny w kancelarii lub zakrystii.<\/p>\n<ul>\n<li><strong>Co trzeba przygotowa\u0107 na wizyt\u0119 kap\u0142ana z Naj\u015bwi\u0119tszym Sakramentem?\u00a0<\/strong><\/li>\n<\/ul>\n<p>Nale\u017cy przygotowa\u0107 w pokoju chorego:<\/p>\n<ul>\n<li>st\u00f3\u0142 nakryty obrusem<\/li>\n<li>\u015bwiece i krzy\u017c.<\/li>\n<li style=\"list-style-type: none;\">\u00a0<\/li>\n<\/ul>\n<p>Chory mo\u017ce tak\u017ce przyj\u0105\u0107\u00a0sakrament namaszczenia. Poni\u017cej mo\u017cna znale\u017a\u0107 kilka informacji na temat tego sakramentu.<\/p>\n<p>\u00a0<\/p>\n<p style=\"text-align: center;\"><strong>NAMASZCZENIE CHORYCH<\/strong><\/p>\n<p>W naszej parafii udzielamy go uroczy\u015bcie zawsze w czasie liturgii\u00a0<b>13 lutego<\/b>, 2 dni po wspomnieniu Matki Bo\u017cej z Lourdes, kiedy w Ko\u015bciele prze\u017cywany jest \u015awiatowy Dzie\u0144 Chorych.<\/p>\n<p>Je\u015bli kto\u015b potrzebuje <strong>pilnie przyj\u0105\u0107 sakrament namaszczenia chorych,\u00a0<\/strong>nale\u017cy osobi\u015bcie lub przez inn\u0105 osob\u0119 poprosi\u0107 ksi\u0119dza lub zostawi\u0107 informacj\u0119 w zakrystii. W takich sytuacjach ksi\u0105dz udziela tego sakramentu w domu chorego lub, je\u015bli stan zdrowia chorego na to pozwala, w ko\u015bciele.<\/p>\n<ul>\n<li><strong>Jak wygl\u0105da obrz\u0119d sakramentu namaszczenia chorych?<\/strong><\/li>\n<\/ul>\n<p>Istot\u0105\u00a0liturgii sakramentu chorych jest namaszczenie choruj\u0105cego cz\u0142owieka \u015bwi\u0119tym olejem wraz z towarzysz\u0105c\u0105 temu namaszczeniu modlitw\u0105 kap\u0142ana.\u00a0Kap\u0142an namaszcza chorego znakiem krzy\u017ca najpierw na\u00a0czole, a nast\u0119pnie na wewn\u0119trznej stronie\u00a0obu d\u0142oni,\u00a0wymawiaj\u0105c przy tym s\u0142owa formu\u0142y sakramentalnej.<\/p>\n<p>Cz\u0142owiek, kt\u00f3ry z przyjmuje namaszczenie, zawsze zostaje pod\u017awigni\u0119ty Bo\u017c\u0105 moc\u0105. Ona wzmacnia wiar\u0119 i ufno\u015b\u0107 chorego w mi\u0142osierdzie Bo\u017ce, wlewa w jego serce pok\u00f3j i odwag\u0119, dodaje si\u0142 do walki ze s\u0142abo\u015bci\u0105 ducha i pokusami szatana. Je\u015bli taka jest wola Bo\u017ca, je\u015bli jest to prawdziwie po\u017cyteczne dla chorego, mo\u017ce w tym sakramencie doprowadzi\u0107 go do pe\u0142nego zdrowia. Je\u015bli za\u015b trzeba odej\u015b\u0107 z tego \u015bwiata namaszczenie pomaga choremu przej\u015b\u0107 bezpiecznie ciemn\u0105 i w\u0105sk\u0105 dolin\u0119 \u015bmierci, sprawiaj\u0105c \u017ce staje si\u0119 ona drog\u0105 do domu Ojca.\u00a0<\/p>\n<ul>\n<li><strong>Kto mo\u017cne przyj\u0105\u0107 sakrament namaszczenia chorych?<\/strong><\/li>\n<\/ul>\n<p>Wierz\u0105cy cz\u0142owiek doros\u0142y, gdy:<\/p>\n<ul>\n<li>powa\u017cnie zachorowa\u0142 lub udaje si\u0119 na operacj\u0119 (w stanie zagro\u017cenia \u017cycia lub zdrowia)<\/li>\n<li>jest osob\u0105 w podesz\u0142ym wieku, kt\u00f3r\u0105 opuszczaj\u0105 si\u0142y,<\/li>\n<li>dziecko powa\u017cnie chore r\u00f3wnie\u017c mo\u017ce przyj\u0105\u0107 namaszczenie, je\u015bli osi\u0105gn\u0119\u0142o taki poziom umys\u0142owy, \u017ce mo\u017ce on temu dziecku przynie\u015b\u0107 pokrzepienie.<\/li>\n<li style=\"list-style-type: none;\">\u00a0<\/li>\n<\/ul>\n<p>Aby przyj\u0105\u0107 sakrament namaszczenia chorych\u00a0<strong>trzeba by\u0107 w stanie \u0142aski u\u015bwi\u0119caj\u0105cej!<\/strong>\u00a0Je\u015bli wi\u0119c zachodzi taka potrzeba chory powinien przyst\u0105pi\u0107 do spowiedzi przed przyj\u0119ciem sakramentu namaszczenia.<\/p>\n<ul>\n<li><strong>Czy do osoby kt\u00f3ra straci\u0142a przytomno\u015b\u0107 wzywa\u0107 kap\u0142ana, aby udzieli\u0142 jej namaszczenia chorych?<\/strong><\/li>\n<\/ul>\n<p>Tak \u2013 je\u015bli ta osoba jest wierz\u0105ca i mo\u017cna przypuszcza\u0107, \u017ce chcia\u0142aby otrzyma\u0107 sakrament namaszczenia! W takim wypadku sakrament nie tylko umacnia chor\u0105 osob\u0119, ale tak\u017ce odpuszcza jej grzechy!<\/p>\n<p>Sytuacje, kiedy chory jest nieprzytomny zdarzaj\u0105 si\u0119 cz\u0119sto w szpitalu, szczeg\u00f3lnie kiedy przywo\u017cone s\u0105 ofiary wypadk\u00f3w. Wtedy rodzina powinna poprosi\u0107\u00a0kapelana\u00a0pracuj\u0105cego w szpitalu, aby udzieli\u0142 tego sakramentu nieprzytomnemu krewnemu.<\/p>\n<ul>\n<li><strong>Gdzie mo\u017cna przyj\u0105\u0107 sakrament namaszczenia chorych?<\/strong><\/li>\n<\/ul>\n<p>Jak napisano wy\u017cej, zazwyczaj udzielamy sakramentu namaszczenia chorym w ich domach, jednak\u00a0mo\u017cna przyj\u0105\u0107 ten sakrament tak\u017ce\u00a0w ko\u015bciele\u00a0\u2013 je\u015bli chory mo\u017ce chodzi\u0107 i ucz\u0119szcza do ko\u015bcio\u0142a.<\/p>\n<p>Gdy chory przebywa w szpitalu (hospicjum, domu opieki etc.) powinien poprosi\u0107 o ten sakrament, a tak\u017ce o spowied\u017a i Komuni\u0119 \u015awi\u0119t\u0105 kapelana pracuj\u0105cego w tej instytucji. Mo\u017ce o to poprosi\u0107 tak\u017ce kto\u015b z rodziny chorego. Je\u015bli w szpitalu nie ma kapelana, trzeba si\u0119 zwr\u00f3ci\u0107 do ksi\u0119\u017cy pracuj\u0105cych w parafii, na terenie kt\u00f3rej znajduje szpital.<\/p>\n<ul>\n<li><strong>Jak cz\u0119sto mo\u017cna przyjmowa\u0107 namaszczenie chorych?<\/strong><\/li>\n<\/ul>\n<p>Sakrament ten mo\u017cna\u00a0powt\u00f3rzy\u0107, je\u015bli chory po przyj\u0119ciu namaszczenia wyzdrowia\u0142 i ponownie zachorowa\u0142 albo w czasie trwania tej samej choroby nast\u0105pi\u0142o powa\u017cne pogorszenie<em>\u00a0<\/em>lub<em>\u00a0<\/em>je\u015bli jest cz\u0142owiekiem starym, u kt\u00f3rego pog\u0142\u0119bia si\u0119 s\u0142abo\u015b\u0107.<\/p>\t\t\t\t\t\t<\/div>\n\t\t\t\t<\/div>\n\t\t\t\t\t<\/div>\n\t\t<\/div>\n\t\t\t\t\t<\/div>\n\t\t<\/section>\n\t\t\t\t<section class=\"elementor-section elementor-top-section elementor-element elementor-element-661555d elementor-section-boxed elementor-section-height-default elementor-section-height-default\" data-id=\"661555d\" data-element_type=\"section\">\n\t\t\t\t\t\t<div class=\"elementor-container elementor-column-gap-default\">\n\t\t\t\t\t<div class=\"elementor-column elementor-col-100 elementor-top-column elementor-element elementor-element-14c62fc\" data-id=\"14c62fc\" data-element_type=\"column\">\n\t\t\t<div class=\"elementor-widget-wrap elementor-element-populated\">\n\t\t\t\t\t\t<div class=\"elementor-element elementor-element-a405223 elementor-widget elementor-widget-text-editor\" data-id=\"a405223\" data-element_type=\"widget\" data-widget_type=\"text-editor.default\">\n\t\t\t\t<div class=\"elementor-widget-container\">\n\t\t\t\t\t\t\t<p style=\"text-align: center;\"><span style=\"color: #008080;\"><strong>MSZE \u015aWI\u0118TE DLA CHORYCH ODBYWAJ\u0104 SI\u0118 KA\u017bDEGO 13 DNIA MIESI\u0104CA (wyj\u0105tkowo 12 dnia miesi\u0105ca je\u015bli 13 przypada w niedziel\u0119)<\/strong><\/span><\/p>\t\t\t\t\t\t<\/div>\n\t\t\t\t<\/div>\n\t\t\t\t\t<\/div>\n\t\t<\/div>\n\t\t\t\t\t<\/div>\n\t\t<\/section>\n\t\t\t\t<\/div>\n\t\t","protected":false},"excerpt":{"rendered":"<p>Odwiedziny chorych i sakrament namaszczenia chorych \u00a0 \u00a0 \u00a0 \u00a0 Kapelan szpitala ks. Tadeusz Paw\u0142owski SAC tel. 728 837 191 Msza \u015awi\u0119ta w kaplicy szpitalnej codziennie w dni powszednie o godz. 18:45; w niedziele o godz. 9:00 i 18:00. ODWIEDZINY CHORYCH Odwiedziny chorych\u00a0i starszych wiekiem\u00a0Parafian\u00a0odbywaj\u0105 si\u0119 zasadniczo w I pi\u0105tek miesi\u0105ca od godz. 9:00 (z wyj\u0105tkiem lipca i sierpnia). O ewentualnej zmianie tego terminu lub godziny (ze wzgl\u0119d\u00f3w losowych) informujemy na bie\u017c\u0105co w og\u0142oszeniach duszpasterskich.\u00a0 Jak zaprosi\u0107 kap\u0142ana do chorego?\u00a0 Mo\u017ce to uczyni\u0107 telefonicznie sam chory lub kto\u015b inny w kancelarii lub zakrystii. Co trzeba przygotowa\u0107 na wizyt\u0119 kap\u0142ana z Naj\u015bwi\u0119tszym Sakramentem?\u00a0 Nale\u017cy przygotowa\u0107 w pokoju chorego: st\u00f3\u0142 nakryty obrusem \u015bwiece i krzy\u017c. \u00a0 Chory mo\u017ce tak\u017ce przyj\u0105\u0107\u00a0sakrament namaszczenia. Poni\u017cej mo\u017cna znale\u017a\u0107 kilka informacji na temat tego sakramentu. \u00a0 NAMASZCZENIE CHORYCH W naszej parafii udzielamy go uroczy\u015bcie zawsze w czasie liturgii\u00a013 lutego, 2 dni po wspomnieniu Matki Bo\u017cej z Lourdes, kiedy w Ko\u015bciele prze\u017cywany jest \u015awiatowy Dzie\u0144 Chorych. Je\u015bli kto\u015b potrzebuje pilnie przyj\u0105\u0107 sakrament namaszczenia chorych,\u00a0nale\u017cy osobi\u015bcie lub przez inn\u0105 osob\u0119 poprosi\u0107 ksi\u0119dza lub zostawi\u0107 informacj\u0119 w zakrystii. W takich sytuacjach ksi\u0105dz udziela tego sakramentu w domu chorego lub, je\u015bli stan zdrowia chorego na to pozwala, w ko\u015bciele. Jak wygl\u0105da obrz\u0119d sakramentu namaszczenia chorych? Istot\u0105\u00a0liturgii sakramentu chorych jest namaszczenie choruj\u0105cego cz\u0142owieka \u015bwi\u0119tym olejem wraz z towarzysz\u0105c\u0105 temu namaszczeniu modlitw\u0105 kap\u0142ana.\u00a0Kap\u0142an namaszcza chorego znakiem krzy\u017ca najpierw na\u00a0czole, a nast\u0119pnie na wewn\u0119trznej stronie\u00a0obu d\u0142oni,\u00a0wymawiaj\u0105c przy tym s\u0142owa formu\u0142y sakramentalnej. Cz\u0142owiek, kt\u00f3ry z przyjmuje namaszczenie, zawsze zostaje pod\u017awigni\u0119ty Bo\u017c\u0105 moc\u0105. Ona wzmacnia wiar\u0119 i ufno\u015b\u0107 chorego w mi\u0142osierdzie Bo\u017ce, wlewa w jego serce pok\u00f3j i odwag\u0119, dodaje si\u0142 do walki ze s\u0142abo\u015bci\u0105 ducha i pokusami szatana. Je\u015bli taka jest wola Bo\u017ca, je\u015bli jest to prawdziwie po\u017cyteczne dla chorego, mo\u017ce w tym sakramencie doprowadzi\u0107 go do pe\u0142nego zdrowia. Je\u015bli za\u015b trzeba odej\u015b\u0107 z tego \u015bwiata namaszczenie pomaga choremu przej\u015b\u0107 bezpiecznie ciemn\u0105 i w\u0105sk\u0105 dolin\u0119 \u015bmierci, sprawiaj\u0105c \u017ce staje si\u0119 ona drog\u0105 do domu Ojca.\u00a0 Kto mo\u017cne przyj\u0105\u0107 sakrament namaszczenia chorych? Wierz\u0105cy cz\u0142owiek doros\u0142y, gdy: powa\u017cnie zachorowa\u0142 lub udaje si\u0119 na operacj\u0119 (w stanie zagro\u017cenia \u017cycia lub zdrowia) jest osob\u0105 w podesz\u0142ym wieku, kt\u00f3r\u0105 opuszczaj\u0105 si\u0142y, dziecko powa\u017cnie chore r\u00f3wnie\u017c mo\u017ce przyj\u0105\u0107 namaszczenie, je\u015bli osi\u0105gn\u0119\u0142o taki poziom umys\u0142owy, \u017ce mo\u017ce on temu dziecku przynie\u015b\u0107 pokrzepienie. \u00a0 Aby przyj\u0105\u0107 sakrament namaszczenia chorych\u00a0trzeba by\u0107 w stanie \u0142aski u\u015bwi\u0119caj\u0105cej!\u00a0Je\u015bli wi\u0119c zachodzi taka potrzeba chory powinien przyst\u0105pi\u0107 do spowiedzi przed przyj\u0119ciem sakramentu namaszczenia. Czy do osoby kt\u00f3ra straci\u0142a przytomno\u015b\u0107 wzywa\u0107 kap\u0142ana, aby udzieli\u0142 jej namaszczenia chorych? Tak \u2013 je\u015bli ta osoba jest wierz\u0105ca i mo\u017cna przypuszcza\u0107, \u017ce chcia\u0142aby otrzyma\u0107 sakrament namaszczenia! W takim wypadku sakrament nie tylko umacnia chor\u0105 osob\u0119, ale tak\u017ce odpuszcza jej grzechy! Sytuacje, kiedy chory jest nieprzytomny zdarzaj\u0105 si\u0119 cz\u0119sto w szpitalu, szczeg\u00f3lnie kiedy przywo\u017cone s\u0105 ofiary wypadk\u00f3w. Wtedy rodzina powinna poprosi\u0107\u00a0kapelana\u00a0pracuj\u0105cego w szpitalu, aby udzieli\u0142 tego sakramentu nieprzytomnemu krewnemu. Gdzie mo\u017cna przyj\u0105\u0107 sakrament namaszczenia chorych? Jak napisano wy\u017cej, zazwyczaj udzielamy sakramentu namaszczenia chorym w ich domach, jednak\u00a0mo\u017cna przyj\u0105\u0107 ten sakrament tak\u017ce\u00a0w ko\u015bciele\u00a0\u2013 je\u015bli chory mo\u017ce chodzi\u0107 i ucz\u0119szcza do ko\u015bcio\u0142a. Gdy chory przebywa w szpitalu (hospicjum, domu opieki etc.) powinien poprosi\u0107 o ten sakrament, a tak\u017ce o spowied\u017a i Komuni\u0119 \u015awi\u0119t\u0105 kapelana pracuj\u0105cego w tej instytucji. Mo\u017ce o to poprosi\u0107 tak\u017ce kto\u015b z rodziny chorego. Je\u015bli w szpitalu nie ma kapelana, trzeba si\u0119 zwr\u00f3ci\u0107 do ksi\u0119\u017cy pracuj\u0105cych w parafii, na terenie kt\u00f3rej znajduje szpital. Jak cz\u0119sto mo\u017cna przyjmowa\u0107 namaszczenie chorych? Sakrament ten mo\u017cna\u00a0powt\u00f3rzy\u0107, je\u015bli chory po przyj\u0119ciu namaszczenia wyzdrowia\u0142 i ponownie zachorowa\u0142 albo w czasie trwania tej samej choroby nast\u0105pi\u0142o powa\u017cne pogorszenie\u00a0lub\u00a0je\u015bli jest cz\u0142owiekiem starym, u kt\u00f3rego pog\u0142\u0119bia si\u0119 s\u0142abo\u015b\u0107. MSZE \u015aWI\u0118TE DLA CHORYCH ODBYWAJ\u0104 SI\u0118 KA\u017bDEGO 13 DNIA MIESI\u0104CA (wyj\u0105tkowo 12 dnia miesi\u0105ca je\u015bli 13 przypada w niedziel\u0119)<\/p>\n","protected":false},"author":1,"featured_media":0,"parent":0,"menu_order":0,"comment_status":"closed","ping_status":"closed","template":"","meta":{"_eb_attr":"","ngg_post_thumbnail":0,"footnotes":""},"_links":{"self":[{"href":"https:\/\/pallotynisandomierz.pl\/index.php\/wp-json\/wp\/v2\/pages\/408"}],"collection":[{"href":"https:\/\/pallotynisandomierz.pl\/index.php\/wp-json\/wp\/v2\/pages"}],"about":[{"href":"https:\/\/pallotynisandomierz.pl\/index.php\/wp-json\/wp\/v2\/types\/page"}],"author":[{"embeddable":true,"href":"https:\/\/pallotynisandomierz.pl\/index.php\/wp-json\/wp\/v2\/users\/1"}],"replies":[{"embeddable":true,"href":"https:\/\/pallotynisandomierz.pl\/index.php\/wp-json\/wp\/v2\/comments?post=408"}],"version-history":[{"count":21,"href":"https:\/\/pallotynisandomierz.pl\/index.php\/wp-json\/wp\/v2\/pages\/408\/revisions"}],"predecessor-version":[{"id":4437,"href":"https:\/\/pallotynisandomierz.pl\/index.php\/wp-json\/wp\/v2\/pages\/408\/revisions\/4437"}],"wp:attachment":[{"href":"https:\/\/pallotynisandomierz.pl\/index.php\/wp-json\/wp\/v2\/media?parent=408"}],"curies":[{"name":"wp","href":"https:\/\/api.w.org\/{rel}","templated":true}]}}