{"id":606,"date":"2020-03-27T10:10:10","date_gmt":"2020-03-27T09:10:10","guid":{"rendered":"http:\/\/pallotynisandomierz.pl\/?page_id=606"},"modified":"2020-03-27T10:41:32","modified_gmt":"2020-03-27T09:41:32","slug":"taca-on-line","status":"publish","type":"page","link":"https:\/\/pallotynisandomierz.pl\/index.php\/taca-on-line\/","title":{"rendered":"Taca on-line"},"content":{"rendered":"\n<a href=\"https:\/\/salvatti.pl\/wp-content\/uploads\/2016\/11\/banki2.png\"><img decoding=\"async\" class=\"wp-image-3243 aligncenter\" src=\"https:\/\/salvatti.pl\/wp-content\/uploads\/2016\/11\/banki2.png\" alt=\"\" style=\"width: 90%;\"><\/a>\n\n<form accept-charset=\"utf-8\" action=\"https:\/\/salvatti.pl\/wp-content\/uploads\/2017\/Sandomierz.php\" method=\"post\"><label for=\"kwota\" style=\"text-align: center;font-size: 14px;\">Wpisz kwot\u0119, kt\u00f3r\u0105 chcesz przekaza\u0107 na cel. Aby przekaza\u0107 darowizn\u0119 <span style=\"color: #333300;\"><strong>kart\u0105 kredytow\u0105<\/strong><\/span> wybierz w nast\u0119pnym kroku opcj\u0119 PayPal.<\/label>\n<input id=\"kwota\" name=\"kwota\" type=\"text\" placeholder=\"0.00\" style=\"margin: auto;text-align: center;font-size: 20px;margin-top: 1.6rem;\">\n<input type=\"submit\" value=\"Dokonaj p\u0142atno\u015bci\" class=\"payment-button\" style=\"margin: auto;display: block; margin-top: 1.6rem;\"><\/form>\n\n\n\n<p><\/p>\n","protected":false},"excerpt":{"rendered":"<p>Wpisz kwot\u0119, kt\u00f3r\u0105 chcesz przekaza\u0107 na cel. Aby przekaza\u0107 darowizn\u0119 kart\u0105 kredytow\u0105 wybierz w nast\u0119pnym kroku opcj\u0119 PayPal.<\/p>\n","protected":false},"author":1,"featured_media":0,"parent":0,"menu_order":0,"comment_status":"closed","ping_status":"closed","template":"","meta":{"_eb_attr":"","ngg_post_thumbnail":0,"footnotes":""},"_links":{"self":[{"href":"https:\/\/pallotynisandomierz.pl\/index.php\/wp-json\/wp\/v2\/pages\/606"}],"collection":[{"href":"https:\/\/pallotynisandomierz.pl\/index.php\/wp-json\/wp\/v2\/pages"}],"about":[{"href":"https:\/\/pallotynisandomierz.pl\/index.php\/wp-json\/wp\/v2\/types\/page"}],"author":[{"embeddable":true,"href":"https:\/\/pallotynisandomierz.pl\/index.php\/wp-json\/wp\/v2\/users\/1"}],"replies":[{"embeddable":true,"href":"https:\/\/pallotynisandomierz.pl\/index.php\/wp-json\/wp\/v2\/comments?post=606"}],"version-history":[{"count":8,"href":"https:\/\/pallotynisandomierz.pl\/index.php\/wp-json\/wp\/v2\/pages\/606\/revisions"}],"predecessor-version":[{"id":622,"href":"https:\/\/pallotynisandomierz.pl\/index.php\/wp-json\/wp\/v2\/pages\/606\/revisions\/622"}],"wp:attachment":[{"href":"https:\/\/pallotynisandomierz.pl\/index.php\/wp-json\/wp\/v2\/media?parent=606"}],"curies":[{"name":"wp","href":"https:\/\/api.w.org\/{rel}","templated":true}]}}