{"id":97,"date":"2019-08-11T11:01:11","date_gmt":"2019-08-11T09:01:11","guid":{"rendered":"http:\/\/pallotynisandomierz.pl\/?page_id=97"},"modified":"2026-04-25T08:25:33","modified_gmt":"2026-04-25T06:25:33","slug":"intencje-tygodniowe","status":"publish","type":"page","link":"https:\/\/pallotynisandomierz.pl\/index.php\/intencje-tygodniowe\/","title":{"rendered":"INTENCJE TYGODNIOWE"},"content":{"rendered":"\n<p><strong><u>Poniedzia\u0142ek, 27 kwietnia&nbsp;<\/u><\/strong><\/p>\n\n\n\n<p><strong>6:30<\/strong>&nbsp;+ Celina Korczak (10 r), Kazimierz Korczak (28 r) \u2013 od syna z rodzin\u0105<\/p>\n\n\n\n<p><strong>18:00&nbsp;<\/strong>1) + Zdzis\u0142aw Rogozi\u0144ski (gregorianka)<\/p>\n\n\n\n<p>2) + Krystyna G\u0142\u0119becka-Pra\u017cmowska (od Florencji i Krzysztofa z rodz)<\/p>\n\n\n\n<p><strong><u>Wtorek, 28 kwietnia<\/u><\/strong><\/p>\n\n\n\n<p><strong>6:30<\/strong>&nbsp;+ Miros\u0142aw Wiater (od pracownik\u00f3w Radiologii)&nbsp;<\/p>\n\n\n\n<p><strong>18:00&nbsp;<\/strong>1) + Zdzis\u0142aw Rogozi\u0144ski (gregorianka)<\/p>\n\n\n\n<p>2) + Krystyna G\u0142\u0119becka-Pra\u017cmowska (od r. Szcz\u0119ch\u00f3w i St\u0119pak\u00f3w)&nbsp;<\/p>\n\n\n\n<p><strong><u>\u015aroda, 29 kwietnia<\/u><\/strong><\/p>\n\n\n\n<p><strong>6:30<\/strong>&nbsp;+ Miros\u0142aw Wiater (od pracownik\u00f3w Radiologii)&nbsp;&nbsp;<\/p>\n\n\n\n<p><strong>18:00<\/strong>&nbsp;1) Zbiorowa<\/p>\n\n\n\n<p>2) + Zdzis\u0142aw Rogozi\u0144ski (gregorianka)<\/p>\n\n\n\n<p><strong><u>Czwartek, 30 kwietnia<\/u><\/strong><\/p>\n\n\n\n<p><strong>6:30&nbsp;<\/strong>O Bo\u017ce b\u0142, dary Ducha \u015awi\u0119tego i opiek\u0119 MB dla \u0141ucji z okazji urodzin&nbsp;<\/p>\n\n\n\n<p><strong>18:00<\/strong>&nbsp;1) + Zdzis\u0142aw Rogozi\u0144ski (gregorianka)<\/p>\n\n\n\n<p>2) Dzi\u0119k-b\u0142 za Wojciecha Le\u015bniaka z pro\u015bb\u0105 o b\u0142 Bo\u017ce i potrzebne \u0142aski&nbsp;&nbsp;<\/p>\n\n\n\n<p><strong><u>Pi\u0105tek, 1 maja<\/u><\/strong><\/p>\n\n\n\n<p><strong>6:30&nbsp;<\/strong>+ Miros\u0142aw Wiater (od Alicji i Artura Krop)&nbsp;&nbsp;<\/p>\n\n\n\n<p><strong>15:00&nbsp;<\/strong>Wynagradzaj\u0105ca NSPJ (od Intronizacji NSPJ)<\/p>\n\n\n\n<p><strong>18:00<\/strong>&nbsp;+ Zdzis\u0142aw Rogozi\u0144ski (gregorianka)<\/p>\n\n\n\n<p><strong><u>Sobota, 2 maja<\/u><\/strong><\/p>\n\n\n\n<p><strong>6:30\u00a0<\/strong>Dzi\u0119k-b\u0142 z pro\u015bb\u0105 o b\u0142 Bo\u017ce i opiek\u0119 MB dla r. Cha\u0142upczak\u00a0<\/p>\n\n\n\n<p><strong>10:00<\/strong><\/p>\n\n\n\n<p><strong>18:00&nbsp;<\/strong>1) Wynagradzaj\u0105ca NSNMP (od Ko\u0142a R\u00f3\u017ca\u0144cowego)<\/p>\n\n\n\n<p>2) + Zdzis\u0142aw Rogozi\u0144ski (gregorianka)<\/p>\n\n\n\n<p><\/p>\n","protected":false},"excerpt":{"rendered":"<p>Poniedzia\u0142ek, 27 kwietnia&nbsp; 6:30&nbsp;+ Celina Korczak (10 r), Kazimierz Korczak (28 r) \u2013 od syna z rodzin\u0105 18:00&nbsp;1) + Zdzis\u0142aw Rogozi\u0144ski (gregorianka) 2) + Krystyna G\u0142\u0119becka-Pra\u017cmowska (od Florencji i Krzysztofa z rodz) Wtorek, 28 kwietnia 6:30&nbsp;+ Miros\u0142aw Wiater (od pracownik\u00f3w Radiologii)&nbsp; 18:00&nbsp;1) + Zdzis\u0142aw Rogozi\u0144ski (gregorianka) 2) + Krystyna G\u0142\u0119becka-Pra\u017cmowska (od r. Szcz\u0119ch\u00f3w i St\u0119pak\u00f3w)&nbsp; \u015aroda, 29 kwietnia 6:30&nbsp;+ Miros\u0142aw Wiater (od pracownik\u00f3w Radiologii)&nbsp;&nbsp; 18:00&nbsp;1) Zbiorowa 2) + Zdzis\u0142aw Rogozi\u0144ski (gregorianka) Czwartek, 30 kwietnia 6:30&nbsp;O Bo\u017ce b\u0142, dary Ducha \u015awi\u0119tego i opiek\u0119 MB dla \u0141ucji z okazji urodzin&nbsp; 18:00&nbsp;1) + Zdzis\u0142aw Rogozi\u0144ski (gregorianka) 2) Dzi\u0119k-b\u0142 za Wojciecha Le\u015bniaka z pro\u015bb\u0105 o b\u0142 Bo\u017ce i potrzebne \u0142aski&nbsp;&nbsp; Pi\u0105tek, 1 maja 6:30&nbsp;+ Miros\u0142aw Wiater (od Alicji i Artura Krop)&nbsp;&nbsp; 15:00&nbsp;Wynagradzaj\u0105ca NSPJ (od Intronizacji NSPJ) 18:00&nbsp;+ Zdzis\u0142aw Rogozi\u0144ski (gregorianka) Sobota, 2 maja 6:30\u00a0Dzi\u0119k-b\u0142 z pro\u015bb\u0105 o b\u0142 Bo\u017ce i opiek\u0119 MB dla r. Cha\u0142upczak\u00a0 10:00 18:00&nbsp;1) Wynagradzaj\u0105ca NSNMP (od Ko\u0142a R\u00f3\u017ca\u0144cowego) 2) + Zdzis\u0142aw Rogozi\u0144ski (gregorianka)<\/p>\n","protected":false},"author":1,"featured_media":0,"parent":0,"menu_order":0,"comment_status":"closed","ping_status":"closed","template":"","meta":{"_eb_attr":"","ngg_post_thumbnail":0,"footnotes":""},"_links":{"self":[{"href":"https:\/\/pallotynisandomierz.pl\/index.php\/wp-json\/wp\/v2\/pages\/97"}],"collection":[{"href":"https:\/\/pallotynisandomierz.pl\/index.php\/wp-json\/wp\/v2\/pages"}],"about":[{"href":"https:\/\/pallotynisandomierz.pl\/index.php\/wp-json\/wp\/v2\/types\/page"}],"author":[{"embeddable":true,"href":"https:\/\/pallotynisandomierz.pl\/index.php\/wp-json\/wp\/v2\/users\/1"}],"replies":[{"embeddable":true,"href":"https:\/\/pallotynisandomierz.pl\/index.php\/wp-json\/wp\/v2\/comments?post=97"}],"version-history":[{"count":349,"href":"https:\/\/pallotynisandomierz.pl\/index.php\/wp-json\/wp\/v2\/pages\/97\/revisions"}],"predecessor-version":[{"id":6058,"href":"https:\/\/pallotynisandomierz.pl\/index.php\/wp-json\/wp\/v2\/pages\/97\/revisions\/6058"}],"wp:attachment":[{"href":"https:\/\/pallotynisandomierz.pl\/index.php\/wp-json\/wp\/v2\/media?parent=97"}],"curies":[{"name":"wp","href":"https:\/\/api.w.org\/{rel}","templated":true}]}}

<p><strong><u>Poniedziałek, 27 kwietnia&nbsp;</u></strong></p>



<p><strong>6:30</strong>&nbsp;+ Celina Korczak (10 r), Kazimierz Korczak (28 r) – od syna z rodziną</p>



<p><strong>18:00&nbsp;</strong>1) + Zdzisław Rogoziński (gregorianka)</p>



<p>2) + Krystyna Głębecka-Prażmowska (od Florencji i Krzysztofa z rodz)</p>



<p><strong><u>Wtorek, 28 kwietnia</u></strong></p>



<p><strong>6:30</strong>&nbsp;+ Mirosław Wiater (od pracowników Radiologii)&nbsp;</p>



<p><strong>18:00&nbsp;</strong>1) + Zdzisław Rogoziński (gregorianka)</p>



<p>2) + Krystyna Głębecka-Prażmowska (od r. Szczęchów i Stępaków)&nbsp;</p>



<p><strong><u>Środa, 29 kwietnia</u></strong></p>



<p><strong>6:30</strong>&nbsp;+ Mirosław Wiater (od pracowników Radiologii)&nbsp;&nbsp;</p>



<p><strong>18:00</strong>&nbsp;1) Zbiorowa</p>



<p>2) + Zdzisław Rogoziński (gregorianka)</p>



<p><strong><u>Czwartek, 30 kwietnia</u></strong></p>



<p><strong>6:30&nbsp;</strong>O Boże bł, dary Ducha Świętego i opiekę MB dla Łucji z okazji urodzin&nbsp;</p>



<p><strong>18:00</strong>&nbsp;1) + Zdzisław Rogoziński (gregorianka)</p>



<p>2) Dzięk-bł za Wojciecha Leśniaka z prośbą o bł Boże i potrzebne łaski&nbsp;&nbsp;</p>



<p><strong><u>Piątek, 1 maja</u></strong></p>



<p><strong>6:30&nbsp;</strong>+ Mirosław Wiater (od Alicji i Artura Krop)&nbsp;&nbsp;</p>



<p><strong>15:00&nbsp;</strong>Wynagradzająca NSPJ (od Intronizacji NSPJ)</p>



<p><strong>18:00</strong>&nbsp;+ Zdzisław Rogoziński (gregorianka)</p>



<p><strong><u>Sobota, 2 maja</u></strong></p>



<p><strong>6:30 </strong>Dzięk-bł z prośbą o bł Boże i opiekę MB dla r. Chałupczak </p>



<p><strong>10:00</strong></p>



<p><strong>18:00&nbsp;</strong>1) Wynagradzająca NSNMP (od Koła Różańcowego)</p>



<p>2) + Zdzisław Rogoziński (gregorianka)</p>



<p></p>

<p>Poniedziałek, 27 kwietnia&nbsp; 6:30&nbsp;+ Celina Korczak (10 r), Kazimierz Korczak (28 r) – od syna z rodziną 18:00&nbsp;1) + Zdzisław Rogoziński (gregorianka) 2) + Krystyna Głębecka-Prażmowska (od Florencji i Krzysztofa z rodz) Wtorek, 28 kwietnia 6:30&nbsp;+ Mirosław Wiater (od pracowników Radiologii)&nbsp; 18:00&nbsp;1) + Zdzisław Rogoziński (gregorianka) 2) + Krystyna Głębecka-Prażmowska (od r. Szczęchów i Stępaków)&nbsp; Środa, 29 kwietnia 6:30&nbsp;+ Mirosław Wiater (od pracowników Radiologii)&nbsp;&nbsp; 18:00&nbsp;1) Zbiorowa 2) + Zdzisław Rogoziński (gregorianka) Czwartek, 30 kwietnia 6:30&nbsp;O Boże bł, dary Ducha Świętego i opiekę MB dla Łucji z okazji urodzin&nbsp; 18:00&nbsp;1) + Zdzisław Rogoziński (gregorianka) 2) Dzięk-bł za Wojciecha Leśniaka z prośbą o bł Boże i potrzebne łaski&nbsp;&nbsp; Piątek, 1 maja 6:30&nbsp;+ Mirosław Wiater (od Alicji i Artura Krop)&nbsp;&nbsp; 15:00&nbsp;Wynagradzająca NSPJ (od Intronizacji NSPJ) 18:00&nbsp;+ Zdzisław Rogoziński (gregorianka) Sobota, 2 maja 6:30 Dzięk-bł z prośbą o bł Boże i opiekę MB dla r. Chałupczak  10:00 18:00&nbsp;1) Wynagradzająca NSNMP (od Koła Różańcowego) 2) + Zdzisław Rogoziński (gregorianka)</p>
