{"id":99,"date":"2019-08-11T11:01:40","date_gmt":"2019-08-11T09:01:40","guid":{"rendered":"http:\/\/pallotynisandomierz.pl\/?page_id=99"},"modified":"2026-04-25T08:24:01","modified_gmt":"2026-04-25T06:24:01","slug":"intencje-niedzielne","status":"publish","type":"page","link":"https:\/\/pallotynisandomierz.pl\/index.php\/intencje-niedzielne\/","title":{"rendered":"INTENCJE NIEDZIELNE"},"content":{"rendered":"\n<p><\/p>\n\n\n\n<p><\/p>\n\n\n\n<p><strong><u>Niedziela, 26 kwietnia&nbsp;<\/u><\/strong><\/p>\n\n\n\n<p><strong>7:30<\/strong>&nbsp;+ Zofia i Zygmunt Kostrzewa, J\u00f3zefa i Wojciech Smardz, zmarli z r. Smardz\u00f3w i Kostrzew\u00f3w&nbsp;&nbsp;&nbsp;<\/p>\n\n\n\n<p><strong>9:00&nbsp;<\/strong>+ Zygmunt Klimczyk, Stanis\u0142aw Sieradzki&nbsp;&nbsp;&nbsp;&nbsp;&nbsp;&nbsp;&nbsp;&nbsp;&nbsp;&nbsp;&nbsp;&nbsp;&nbsp;&nbsp;&nbsp;&nbsp;&nbsp;&nbsp;&nbsp;<\/p>\n\n\n\n<p><strong>11:00&nbsp;<\/strong>1) + Helena Walicha (7 r)&nbsp;<\/p>\n\n\n\n<p>2) + Jan, Irena, Krzysztof Rak&nbsp;&nbsp;&nbsp;&nbsp;&nbsp;&nbsp;&nbsp;&nbsp;&nbsp;&nbsp;&nbsp;<\/p>\n\n\n\n<p><strong>12:30<\/strong>&nbsp;1) + Katarzyna, Antoni, J\u00f3zef, W\u0142adys\u0142aw, Wies\u0142awa (ona), Henryk Wieczorek, Wies\u0142awa (ona) Sendrowicz&nbsp;&nbsp;<\/p>\n\n\n\n<p>2) + Zdzis\u0142aw Rogozi\u0144ski (gregorianka)<\/p>\n\n\n\n<p><strong>19:15&nbsp;<\/strong>+ Marianna (1 r), Stanis\u0142aw Musia\u0142, zm z r. Musia\u0142\u00f3w i Brosi\u00f3w&nbsp;&nbsp;&nbsp;&nbsp;&nbsp;&nbsp;<\/p>\n\n\n\n<p><\/p>\n","protected":false},"excerpt":{"rendered":"<p>Niedziela, 26 kwietnia&nbsp; 7:30&nbsp;+ Zofia i Zygmunt Kostrzewa, J\u00f3zefa i Wojciech Smardz, zmarli z r. Smardz\u00f3w i Kostrzew\u00f3w&nbsp;&nbsp;&nbsp; 9:00&nbsp;+ Zygmunt Klimczyk, Stanis\u0142aw Sieradzki&nbsp;&nbsp;&nbsp;&nbsp;&nbsp;&nbsp;&nbsp;&nbsp;&nbsp;&nbsp;&nbsp;&nbsp;&nbsp;&nbsp;&nbsp;&nbsp;&nbsp;&nbsp;&nbsp; 11:00&nbsp;1) + Helena Walicha (7 r)&nbsp; 2) + Jan, Irena, Krzysztof Rak&nbsp;&nbsp;&nbsp;&nbsp;&nbsp;&nbsp;&nbsp;&nbsp;&nbsp;&nbsp;&nbsp; 12:30&nbsp;1) + Katarzyna, Antoni, J\u00f3zef, W\u0142adys\u0142aw, Wies\u0142awa (ona), Henryk Wieczorek, Wies\u0142awa (ona) Sendrowicz&nbsp;&nbsp; 2) + Zdzis\u0142aw Rogozi\u0144ski (gregorianka) 19:15&nbsp;+ Marianna (1 r), Stanis\u0142aw Musia\u0142, zm z r. Musia\u0142\u00f3w i Brosi\u00f3w&nbsp;&nbsp;&nbsp;&nbsp;&nbsp;&nbsp;<\/p>\n","protected":false},"author":1,"featured_media":0,"parent":0,"menu_order":0,"comment_status":"closed","ping_status":"closed","template":"","meta":{"_eb_attr":"","ngg_post_thumbnail":0,"footnotes":""},"_links":{"self":[{"href":"https:\/\/pallotynisandomierz.pl\/index.php\/wp-json\/wp\/v2\/pages\/99"}],"collection":[{"href":"https:\/\/pallotynisandomierz.pl\/index.php\/wp-json\/wp\/v2\/pages"}],"about":[{"href":"https:\/\/pallotynisandomierz.pl\/index.php\/wp-json\/wp\/v2\/types\/page"}],"author":[{"embeddable":true,"href":"https:\/\/pallotynisandomierz.pl\/index.php\/wp-json\/wp\/v2\/users\/1"}],"replies":[{"embeddable":true,"href":"https:\/\/pallotynisandomierz.pl\/index.php\/wp-json\/wp\/v2\/comments?post=99"}],"version-history":[{"count":341,"href":"https:\/\/pallotynisandomierz.pl\/index.php\/wp-json\/wp\/v2\/pages\/99\/revisions"}],"predecessor-version":[{"id":6055,"href":"https:\/\/pallotynisandomierz.pl\/index.php\/wp-json\/wp\/v2\/pages\/99\/revisions\/6055"}],"wp:attachment":[{"href":"https:\/\/pallotynisandomierz.pl\/index.php\/wp-json\/wp\/v2\/media?parent=99"}],"curies":[{"name":"wp","href":"https:\/\/api.w.org\/{rel}","templated":true}]}}

<p></p>



<p></p>



<p><strong><u>Niedziela, 26 kwietnia&nbsp;</u></strong></p>



<p><strong>7:30</strong>&nbsp;+ Zofia i Zygmunt Kostrzewa, Józefa i Wojciech Smardz, zmarli z r. Smardzów i Kostrzewów&nbsp;&nbsp;&nbsp;</p>



<p><strong>9:00&nbsp;</strong>+ Zygmunt Klimczyk, Stanisław Sieradzki&nbsp;&nbsp;&nbsp;&nbsp;&nbsp;&nbsp;&nbsp;&nbsp;&nbsp;&nbsp;&nbsp;&nbsp;&nbsp;&nbsp;&nbsp;&nbsp;&nbsp;&nbsp;&nbsp;</p>



<p><strong>11:00&nbsp;</strong>1) + Helena Walicha (7 r)&nbsp;</p>



<p>2) + Jan, Irena, Krzysztof Rak&nbsp;&nbsp;&nbsp;&nbsp;&nbsp;&nbsp;&nbsp;&nbsp;&nbsp;&nbsp;&nbsp;</p>



<p><strong>12:30</strong>&nbsp;1) + Katarzyna, Antoni, Józef, Władysław, Wiesława (ona), Henryk Wieczorek, Wiesława (ona) Sendrowicz&nbsp;&nbsp;</p>



<p>2) + Zdzisław Rogoziński (gregorianka)</p>



<p><strong>19:15&nbsp;</strong>+ Marianna (1 r), Stanisław Musiał, zm z r. Musiałów i Brosiów&nbsp;&nbsp;&nbsp;&nbsp;&nbsp;&nbsp;</p>



<p></p>

<p>Niedziela, 26 kwietnia&nbsp; 7:30&nbsp;+ Zofia i Zygmunt Kostrzewa, Józefa i Wojciech Smardz, zmarli z r. Smardzów i Kostrzewów&nbsp;&nbsp;&nbsp; 9:00&nbsp;+ Zygmunt Klimczyk, Stanisław Sieradzki&nbsp;&nbsp;&nbsp;&nbsp;&nbsp;&nbsp;&nbsp;&nbsp;&nbsp;&nbsp;&nbsp;&nbsp;&nbsp;&nbsp;&nbsp;&nbsp;&nbsp;&nbsp;&nbsp; 11:00&nbsp;1) + Helena Walicha (7 r)&nbsp; 2) + Jan, Irena, Krzysztof Rak&nbsp;&nbsp;&nbsp;&nbsp;&nbsp;&nbsp;&nbsp;&nbsp;&nbsp;&nbsp;&nbsp; 12:30&nbsp;1) + Katarzyna, Antoni, Józef, Władysław, Wiesława (ona), Henryk Wieczorek, Wiesława (ona) Sendrowicz&nbsp;&nbsp; 2) + Zdzisław Rogoziński (gregorianka) 19:15&nbsp;+ Marianna (1 r), Stanisław Musiał, zm z r. Musiałów i Brosiów&nbsp;&nbsp;&nbsp;&nbsp;&nbsp;&nbsp;</p>
